{"id":10296,"date":"2021-10-27T16:26:55","date_gmt":"2021-10-27T14:26:55","guid":{"rendered":"https:\/\/mpg-do.de\/?page_id=10296"},"modified":"2021-10-27T16:26:55","modified_gmt":"2021-10-27T14:26:55","slug":"jugend-debattiert","status":"publish","type":"page","link":"https:\/\/mpg-do.de\/?page_id=10296","title":{"rendered":"Jugend debattiert"},"content":{"rendered":"\n<p class=\"wp-block-paragraph\">In der AG Jugend debattiert diskutieren wir zu f\u00fcr uns relevanten, aktuellen Themen. Dar\u00fcber hinaus k\u00f6nnen Teilnehmer_innen aus der AG am gleichnamigen bundesweiten Wettbewerb teilnehmen und sich in Debatten mit Sch\u00fcler_innen anderer Schulen messen.<\/p>\n\n\n\n<p class=\"wp-block-paragraph\">Wir erlernen dabei, uns mit aktuellen Streitfragen auseinanderzusetzen, eigene Standpunkte zu vertreten, aufeinander einzugehen, gegens\u00e4tzliche Meinungen auszuhalten und Streit mit Worten beizulegen. In kleinen \u00dcbungen, Debatten sowie in Rede und Gegenrede werden unter anderem Ausdrucksverm\u00f6gen, Sachkenntnis, Gespr\u00e4chsf\u00e4higkeit und \u00dcberzeugungskraft gef\u00f6rdert.<\/p>\n\n\n\n<p class=\"wp-block-paragraph\">Wir treffen uns donnerstags in der 7. Stunde. <\/p>\n\n\n\n<p class=\"wp-block-paragraph\">Zielgruppe der AG sind die Jahrgangsstufen 7 &#8211; EF<\/p>\n\n\n\n<figure class=\"wp-block-image size-full\"><img loading=\"lazy\" decoding=\"async\" width=\"621\" height=\"385\" src=\"https:\/\/mpg-do.de\/wp-content\/uploads\/2021\/10\/69C80759-C84E-4404-80BD-719520F5D2A8.jpeg\" alt=\"\" class=\"wp-image-10297\" srcset=\"https:\/\/mpg-do.de\/wp-content\/uploads\/2021\/10\/69C80759-C84E-4404-80BD-719520F5D2A8.jpeg 621w, https:\/\/mpg-do.de\/wp-content\/uploads\/2021\/10\/69C80759-C84E-4404-80BD-719520F5D2A8-300x186.jpeg 300w, https:\/\/mpg-do.de\/wp-content\/uploads\/2021\/10\/69C80759-C84E-4404-80BD-719520F5D2A8-64x40.jpeg 64w\" sizes=\"auto, (max-width: 621px) 100vw, 621px\" \/><\/figure>\n","protected":false},"excerpt":{"rendered":"<p>In der AG Jugend debattiert diskutieren wir zu f\u00fcr uns relevanten, aktuellen Themen. Dar\u00fcber hinaus k\u00f6nnen Teilnehmer_innen aus der AG am gleichnamigen bundesweiten Wettbewerb teilnehmen und sich in Debatten mit Sch\u00fcler_innen anderer Schulen messen. Wir erlernen dabei, uns mit aktuellen Streitfragen auseinanderzusetzen, eigene Standpunkte zu vertreten, aufeinander einzugehen, gegens\u00e4tzliche Meinungen auszuhalten und Streit mit Worten &hellip; <\/p>\n<p class=\"link-more\"><a href=\"https:\/\/mpg-do.de\/?page_id=10296\" class=\"more-link\"><span class=\"screen-reader-text\">\u201eJugend debattiert\u201c <\/span>weiterlesen<\/a><\/p>\n","protected":false},"author":5,"featured_media":10300,"parent":679,"menu_order":0,"comment_status":"closed","ping_status":"closed","template":"","meta":{"_crdt_document":"","footnotes":""},"class_list":["post-10296","page","type-page","status-publish","has-post-thumbnail","hentry","entry"],"_links":{"self":[{"href":"https:\/\/mpg-do.de\/index.php?rest_route=\/wp\/v2\/pages\/10296","targetHints":{"allow":["GET"]}}],"collection":[{"href":"https:\/\/mpg-do.de\/index.php?rest_route=\/wp\/v2\/pages"}],"about":[{"href":"https:\/\/mpg-do.de\/index.php?rest_route=\/wp\/v2\/types\/page"}],"author":[{"embeddable":true,"href":"https:\/\/mpg-do.de\/index.php?rest_route=\/wp\/v2\/users\/5"}],"replies":[{"embeddable":true,"href":"https:\/\/mpg-do.de\/index.php?rest_route=%2Fwp%2Fv2%2Fcomments&post=10296"}],"version-history":[{"count":2,"href":"https:\/\/mpg-do.de\/index.php?rest_route=\/wp\/v2\/pages\/10296\/revisions"}],"predecessor-version":[{"id":10301,"href":"https:\/\/mpg-do.de\/index.php?rest_route=\/wp\/v2\/pages\/10296\/revisions\/10301"}],"up":[{"embeddable":true,"href":"https:\/\/mpg-do.de\/index.php?rest_route=\/wp\/v2\/pages\/679"}],"wp:featuredmedia":[{"embeddable":true,"href":"https:\/\/mpg-do.de\/index.php?rest_route=\/wp\/v2\/media\/10300"}],"wp:attachment":[{"href":"https:\/\/mpg-do.de\/index.php?rest_route=%2Fwp%2Fv2%2Fmedia&parent=10296"}],"curies":[{"name":"wp","href":"https:\/\/api.w.org\/{rel}","templated":true}]}}

<p class="wp-block-paragraph">In der AG Jugend debattiert diskutieren wir zu für uns relevanten, aktuellen Themen. Darüber hinaus können Teilnehmer_innen aus der AG am gleichnamigen bundesweiten Wettbewerb teilnehmen und sich in Debatten mit Schüler_innen anderer Schulen messen.</p>



<p class="wp-block-paragraph">Wir erlernen dabei, uns mit aktuellen Streitfragen auseinanderzusetzen, eigene Standpunkte zu vertreten, aufeinander einzugehen, gegensätzliche Meinungen auszuhalten und Streit mit Worten beizulegen. In kleinen Übungen, Debatten sowie in Rede und Gegenrede werden unter anderem Ausdrucksvermögen, Sachkenntnis, Gesprächsfähigkeit und Überzeugungskraft gefördert.</p>



<p class="wp-block-paragraph">Wir treffen uns donnerstags in der 7. Stunde. </p>



<p class="wp-block-paragraph">Zielgruppe der AG sind die Jahrgangsstufen 7 &#8211; EF</p>



<figure class="wp-block-image size-full"><img loading="lazy" decoding="async" width="621" height="385" src="https://mpg-do.de/wp-content/uploads/2021/10/69C80759-C84E-4404-80BD-719520F5D2A8.jpeg" alt="" class="wp-image-10297" srcset="https://mpg-do.de/wp-content/uploads/2021/10/69C80759-C84E-4404-80BD-719520F5D2A8.jpeg 621w, https://mpg-do.de/wp-content/uploads/2021/10/69C80759-C84E-4404-80BD-719520F5D2A8-300x186.jpeg 300w, https://mpg-do.de/wp-content/uploads/2021/10/69C80759-C84E-4404-80BD-719520F5D2A8-64x40.jpeg 64w" sizes="auto, (max-width: 621px) 100vw, 621px" /></figure>

<p>In der AG Jugend debattiert diskutieren wir zu für uns relevanten, aktuellen Themen. Darüber hinaus können Teilnehmer_innen aus der AG am gleichnamigen bundesweiten Wettbewerb teilnehmen und sich in Debatten mit Schüler_innen anderer Schulen messen. Wir erlernen dabei, uns mit aktuellen Streitfragen auseinanderzusetzen, eigene Standpunkte zu vertreten, aufeinander einzugehen, gegensätzliche Meinungen auszuhalten und Streit mit Worten &hellip; </p>
<p class="link-more"><a href="https://mpg-do.de/?page_id=10296" class="more-link"><span class="screen-reader-text">„Jugend debattiert“ </span>weiterlesen</a></p>
