{"id":1187,"date":"2016-06-30T13:02:55","date_gmt":"2016-06-30T11:02:55","guid":{"rendered":"http:\/\/news.mpg-dortmund.de\/?page_id=1187"},"modified":"2025-11-18T14:46:30","modified_gmt":"2025-11-18T13:46:30","slug":"soziales","status":"publish","type":"page","link":"https:\/\/mpg-do.de\/?page_id=1187","title":{"rendered":"Soziales Profil"},"content":{"rendered":"<p>Die F\u00f6rderung sozialer Kompetenzen ist ein wesentlicher Baustein des Zusammenlebens am Max-Planck-Gymnasium. Sie setzt sich aus folgenden Schwerpunkten zusammen:<\/p>\n<ul>\n<li>Die F\u00f6rderung sozialer Kompetenzen in allen schulischen Bereichen<\/li>\n<li>Soziale Kompetenzen als Teil der <a href=\"https:\/\/mpg-do.de\/?page_id=2638\">Schulvereinbarung<\/a><\/li>\n<li><a href=\"..\/wp-content\/uploads\/2024\/11\/Auflistung-Projekte-SOK-Ueberarbeitet-2024.pdf\" target=\"_blank\" rel=\"noopener\">Durchf\u00fchrung durchg\u00e4ngiger Projekte in allen Jahrgangsstufen der Sek. I und Sek. II<\/a><\/li>\n<li><a href=\"..\/?page_id=790\">Beratungskonzept<\/a><\/li>\n<li><a href=\"..\/?page_id=6774\">MP CourAGe<\/a> &#8211; AG f\u00fcr Vielfalt und Toleranz an der Schule<\/li>\n<li>Unser <a href=\"..\/?page_id=6818\">Patenprojekt<\/a><\/li>\n<li>Unser Streitschlichterprojekt<\/li>\n<\/ul>\n","protected":false},"excerpt":{"rendered":"<p>Die F\u00f6rderung sozialer Kompetenzen ist ein wesentlicher Baustein des Zusammenlebens am Max-Planck-Gymnasium. Sie setzt sich aus folgenden Schwerpunkten zusammen: Die F\u00f6rderung sozialer Kompetenzen in allen schulischen Bereichen Soziale Kompetenzen als Teil der Schulvereinbarung Durchf\u00fchrung durchg\u00e4ngiger Projekte in allen Jahrgangsstufen der Sek. I und Sek. II Beratungskonzept MP CourAGe &#8211; AG f\u00fcr Vielfalt und Toleranz an &hellip; <\/p>\n<p class=\"link-more\"><a href=\"https:\/\/mpg-do.de\/?page_id=1187\" class=\"more-link\"><span class=\"screen-reader-text\">\u201eSoziales Profil\u201c <\/span>weiterlesen<\/a><\/p>\n","protected":false},"author":11,"featured_media":0,"parent":0,"menu_order":0,"comment_status":"closed","ping_status":"closed","template":"","meta":{"_crdt_document":"","footnotes":""},"class_list":["post-1187","page","type-page","status-publish","hentry","entry"],"_links":{"self":[{"href":"https:\/\/mpg-do.de\/index.php?rest_route=\/wp\/v2\/pages\/1187","targetHints":{"allow":["GET"]}}],"collection":[{"href":"https:\/\/mpg-do.de\/index.php?rest_route=\/wp\/v2\/pages"}],"about":[{"href":"https:\/\/mpg-do.de\/index.php?rest_route=\/wp\/v2\/types\/page"}],"author":[{"embeddable":true,"href":"https:\/\/mpg-do.de\/index.php?rest_route=\/wp\/v2\/users\/11"}],"replies":[{"embeddable":true,"href":"https:\/\/mpg-do.de\/index.php?rest_route=%2Fwp%2Fv2%2Fcomments&post=1187"}],"version-history":[{"count":41,"href":"https:\/\/mpg-do.de\/index.php?rest_route=\/wp\/v2\/pages\/1187\/revisions"}],"predecessor-version":[{"id":14550,"href":"https:\/\/mpg-do.de\/index.php?rest_route=\/wp\/v2\/pages\/1187\/revisions\/14550"}],"wp:attachment":[{"href":"https:\/\/mpg-do.de\/index.php?rest_route=%2Fwp%2Fv2%2Fmedia&parent=1187"}],"curies":[{"name":"wp","href":"https:\/\/api.w.org\/{rel}","templated":true}]}}

<p>Die Förderung sozialer Kompetenzen ist ein wesentlicher Baustein des Zusammenlebens am Max-Planck-Gymnasium. Sie setzt sich aus folgenden Schwerpunkten zusammen:</p>
<ul>
<li>Die Förderung sozialer Kompetenzen in allen schulischen Bereichen</li>
<li>Soziale Kompetenzen als Teil der <a href="https://mpg-do.de/?page_id=2638">Schulvereinbarung</a></li>
<li><a href="../wp-content/uploads/2024/11/Auflistung-Projekte-SOK-Ueberarbeitet-2024.pdf" target="_blank" rel="noopener">Durchführung durchgängiger Projekte in allen Jahrgangsstufen der Sek. I und Sek. II</a></li>
<li><a href="../?page_id=790">Beratungskonzept</a></li>
<li><a href="../?page_id=6774">MP CourAGe</a> &#8211; AG für Vielfalt und Toleranz an der Schule</li>
<li>Unser <a href="../?page_id=6818">Patenprojekt</a></li>
<li>Unser Streitschlichterprojekt</li>
</ul>

<p>Die Förderung sozialer Kompetenzen ist ein wesentlicher Baustein des Zusammenlebens am Max-Planck-Gymnasium. Sie setzt sich aus folgenden Schwerpunkten zusammen: Die Förderung sozialer Kompetenzen in allen schulischen Bereichen Soziale Kompetenzen als Teil der Schulvereinbarung Durchführung durchgängiger Projekte in allen Jahrgangsstufen der Sek. I und Sek. II Beratungskonzept MP CourAGe &#8211; AG für Vielfalt und Toleranz an &hellip; </p>
<p class="link-more"><a href="https://mpg-do.de/?page_id=1187" class="more-link"><span class="screen-reader-text">„Soziales Profil“ </span>weiterlesen</a></p>
