{"id":2435,"date":"2016-11-07T22:30:04","date_gmt":"2016-11-07T21:30:04","guid":{"rendered":"http:\/\/news.mpg-dortmund.de\/?page_id=2435"},"modified":"2025-11-24T12:12:16","modified_gmt":"2025-11-24T11:12:16","slug":"wir-ueber-uns","status":"publish","type":"page","link":"https:\/\/mpg-do.de\/?page_id=2435","title":{"rendered":"Wir \u00fcber uns"},"content":{"rendered":"<div class=\"wp-block-image is-style-circle-mask\">\n<figure class=\"alignright size-large is-resized\"><img loading=\"lazy\" decoding=\"async\" width=\"417\" height=\"600\" src=\"https:\/\/mpg-do.de\/wp-content\/uploads\/2025\/09\/IMG_0742-scaled-e1763982723300-417x600.jpg\" alt=\"\" class=\"wp-image-14371\" style=\"width:359px;height:auto\" srcset=\"https:\/\/mpg-do.de\/wp-content\/uploads\/2025\/09\/IMG_0742-scaled-e1763982723300-417x600.jpg 417w, https:\/\/mpg-do.de\/wp-content\/uploads\/2025\/09\/IMG_0742-scaled-e1763982723300-208x300.jpg 208w, https:\/\/mpg-do.de\/wp-content\/uploads\/2025\/09\/IMG_0742-scaled-e1763982723300-768x1105.jpg 768w, https:\/\/mpg-do.de\/wp-content\/uploads\/2025\/09\/IMG_0742-scaled-e1763982723300-1067x1536.jpg 1067w, https:\/\/mpg-do.de\/wp-content\/uploads\/2025\/09\/IMG_0742-scaled-e1763982723300-44x64.jpg 44w, https:\/\/mpg-do.de\/wp-content\/uploads\/2025\/09\/IMG_0742-scaled-e1763982723300-1320x1900.jpg 1320w, https:\/\/mpg-do.de\/wp-content\/uploads\/2025\/09\/IMG_0742-scaled-e1763982723300.jpg 1337w\" sizes=\"auto, (max-width: 417px) 100vw, 417px\" \/><figcaption class=\"wp-element-caption\">Dr. Markus Tendahl, Schulleiter<\/figcaption><\/figure>\n<\/div>\n\n\n<p class=\"wp-block-paragraph\">Herzlich willkommen!<\/p>\n\n\n\n<p class=\"wp-block-paragraph\">Miteinander Perspektiven Gewinnen \u2013 unter diesem Motto steht unser Leben und Arbeiten am MPG.<\/p>\n\n\n\n<p class=\"wp-block-paragraph\">Ich lade Sie und euch dazu ein, das breite Angebot an Informationen wahrzunehmen und Einblick in unser Schulleben, die aktuellen Ereignisse und Termine zu nehmen. Probieren Sie unsere vielf\u00e4ltigen Angebote aus und machen Sie sich ein Bild von unserer Schule \u2013 einem modernen Gymnasium mit Tradition am Rande der Dortmunder Innenstadt.<br>Unsere Schwerpunkte sind:<br><\/p>\n\n\n\n<ul class=\"wp-block-list\">\n<li>das Profil als <a href=\"https:\/\/mpg-do.de\/?page_id=7040\">Europaschule<\/a> und als Schule ohne Rassismus \u2013 Schule mit Courage sowie als Schule der Vielfalt<\/li>\n\n\n\n<li>das <a href=\"https:\/\/mpg-do.de\/?page_id=2437\">Fremdsprachenprofil<\/a>\n<ul class=\"wp-block-list\">\n<li>der <a href=\"https:\/\/mpg-do.de\/?page_id=6756\">bilinguale deutsch-franz\u00f6sische Zweig<\/a> mit der M\u00f6glichkeit des Erwerbs der Doppelqualifikation deutsches und franz\u00f6sisches Abitur (AbiBac)<\/li>\n\n\n\n<li>die besondere Bedeutung von <a href=\"https:\/\/mpg-do.de\/?page_id=6753\">Portugiesisch<\/a><\/li>\n\n\n\n<li><a href=\"https:\/\/mpg-do.de\/?page_id=6810\">Englisch<\/a><\/li>\n\n\n\n<li><a href=\"https:\/\/mpg-do.de\/?page_id=6816\">Latein<\/a><\/li>\n<\/ul>\n<\/li>\n\n\n\n<li>die <a href=\"https:\/\/mpg-do.de\/?page_id=7042\">Bl\u00e4serklasse<\/a> in den Jahrgangsstufen 5 und 6<\/li>\n\n\n\n<li>das <a href=\"https:\/\/mpg-do.de\/?page_id=6789\">Sportprofil<\/a> mit der Ruderriege, der <a href=\"https:\/\/mpg-do.de\/?p=3627\">Skifahrt<\/a> nach Piesendorf, der erfolgreichen Teilnahme an zahlreichen Wettbewerben, den Leistungskursen<\/li>\n\n\n\n<li>die <a href=\"https:\/\/mpg-do.de\/?page_id=7038\">naturwissenschaftlichen Akzente<\/a> mit besonderen Angeboten im Rahmen von Erg\u00e4nzungsstunden, Wettbewerben, Leistungskursen in allen Naturwissenschaften<\/li>\n\n\n\n<li>die F\u00f6rderung <a href=\"https:\/\/mpg-do.de\/?page_id=1187\">sozialer Kompetenzen<\/a><\/li>\n<\/ul>\n\n\n\n<figure class=\"wp-block-image\"><a href=\"..\/wp-content\/uploads\/2016\/11\/2016-Neubau-Flur-Max-Planck-Gymnasium-Dortmund-1.jpg\"><img loading=\"lazy\" decoding=\"async\" width=\"1024\" height=\"485\" src=\"..\/wp-content\/uploads\/2016\/11\/2016-Neubau-Flur-Max-Planck-Gymnasium-Dortmund-1-1024x485.jpg\" alt=\"2016-neubau-flur-max-planck-gymnasium-dortmund\" class=\"wp-image-2581\" srcset=\"https:\/\/mpg-do.de\/wp-content\/uploads\/2016\/11\/2016-Neubau-Flur-Max-Planck-Gymnasium-Dortmund-1-1024x485.jpg 1024w, https:\/\/mpg-do.de\/wp-content\/uploads\/2016\/11\/2016-Neubau-Flur-Max-Planck-Gymnasium-Dortmund-1-300x142.jpg 300w, https:\/\/mpg-do.de\/wp-content\/uploads\/2016\/11\/2016-Neubau-Flur-Max-Planck-Gymnasium-Dortmund-1-768x364.jpg 768w, https:\/\/mpg-do.de\/wp-content\/uploads\/2016\/11\/2016-Neubau-Flur-Max-Planck-Gymnasium-Dortmund-1-600x284.jpg 600w, https:\/\/mpg-do.de\/wp-content\/uploads\/2016\/11\/2016-Neubau-Flur-Max-Planck-Gymnasium-Dortmund-1-64x30.jpg 64w, https:\/\/mpg-do.de\/wp-content\/uploads\/2016\/11\/2016-Neubau-Flur-Max-Planck-Gymnasium-Dortmund-1-260x123.jpg 260w\" sizes=\"auto, (max-width: 1024px) 100vw, 1024px\" \/><\/a><\/figure>\n\n\n\n<div class=\"wp-block-group alignwide\"><div class=\"wp-block-group__inner-container is-layout-flow wp-block-group-is-layout-flow\">\n<p class=\"wp-block-paragraph\">Der Neubau, die auf modernsten Stand gebrachten R\u00e4ume der Kunst und der Naturwissenschaften mit dem Chemie-Labor, die Sportst\u00e4tten, die Aula mit ihrer Ton- und Soundtechnik bieten den Rahmen f\u00fcr einen aktuellen, kompetenzorientierten Unterricht und f\u00fcr vielf\u00e4ltige schulische Veranstaltungen. Eine eigene <a href=\"https:\/\/mpg-do.de\/?page_id=6791\">Stage-Crew<\/a>, in der Sch\u00fcler_innen und Lehrer_innen motiviert und technisch versiert arbeiten, tr\u00e4gt ma\u00dfgeblich zu deren Gelingen bei.<\/p>\n<\/div><\/div>\n\n\n\n<div class=\"wp-block-group alignwide\"><div class=\"wp-block-group__inner-container is-layout-flow wp-block-group-is-layout-flow\">\n<p class=\"wp-block-paragraph\">Dem Max-Planck-Gymnasium f\u00fchlen sich viele Menschen verbunden. Das liegt zum einen an dem breiten unterrichtlichen Angebot und den vielseitigen Projekten und Aktionen. Zum anderen liegt es an der Atmosph\u00e4re, die das konstruktive Miteinander an der Schule pr\u00e4gt.<\/p>\n<\/div><\/div>\n\n\n\n<div class=\"wp-block-group alignwide\"><div class=\"wp-block-group__inner-container is-layout-flow wp-block-group-is-layout-flow\">\n<p class=\"wp-block-paragraph\">Kooperation und Transparenz, Toleranz und Wertsch\u00e4tzung, eine Kultur des Hinsehens und Wahrnehmens in gegenseitigem Respekt und in der gegenseitigen Verantwortung sind die Grundpfeiler unseres Schullebens. Menschen werden in ihrer je eigenen Pers\u00f6nlichkeit und in ihren F\u00e4higkeiten ernst genommen und in ihrer Selbstst\u00e4ndigkeit gef\u00f6rdert. Gleichzeitig werden Sch\u00fcler_innen motiviert, ihre pers\u00f6nlich bestm\u00f6glichen Leistungen zu erbringen, damit sie f\u00fcr ihren Lebensweg gut aufgestellt sind. Dies findet Niederschlag in unserer Schulvereinbarung, auf die sich Sch\u00fcler_innen, Lehrer_innen, Eltern, Schulleitung und Mitarbeiter_innen verpflichten.<\/p>\n<\/div><\/div>\n\n\n\n<div class=\"wp-block-group alignwide\"><div class=\"wp-block-group__inner-container is-layout-flow wp-block-group-is-layout-flow\">\n<p class=\"wp-block-paragraph\">Ich freue mich, Sie und Ihre Kinder pers\u00f6nlich am Tag der offenen T\u00fcr begr\u00fc\u00dfen zu k\u00f6nnen!<\/p>\n<\/div><\/div>\n\n\n\n<p class=\"wp-block-paragraph\">Dr. Markus Tendahl<br>(Schulleiter)<\/p>\n","protected":false},"excerpt":{"rendered":"<p>Herzlich willkommen! Miteinander Perspektiven Gewinnen \u2013 unter diesem Motto steht unser Leben und Arbeiten am MPG. Ich lade Sie und euch dazu ein, das breite Angebot an Informationen wahrzunehmen und Einblick in unser Schulleben, die aktuellen Ereignisse und Termine zu nehmen. Probieren Sie unsere vielf\u00e4ltigen Angebote aus und machen Sie sich ein Bild von unserer &hellip; <\/p>\n<p class=\"link-more\"><a href=\"https:\/\/mpg-do.de\/?page_id=2435\" class=\"more-link\"><span class=\"screen-reader-text\">\u201eWir \u00fcber uns\u201c <\/span>weiterlesen<\/a><\/p>\n","protected":false},"author":1,"featured_media":0,"parent":0,"menu_order":0,"comment_status":"closed","ping_status":"closed","template":"","meta":{"_crdt_document":"","footnotes":""},"class_list":["post-2435","page","type-page","status-publish","hentry","entry"],"_links":{"self":[{"href":"https:\/\/mpg-do.de\/index.php?rest_route=\/wp\/v2\/pages\/2435","targetHints":{"allow":["GET"]}}],"collection":[{"href":"https:\/\/mpg-do.de\/index.php?rest_route=\/wp\/v2\/pages"}],"about":[{"href":"https:\/\/mpg-do.de\/index.php?rest_route=\/wp\/v2\/types\/page"}],"author":[{"embeddable":true,"href":"https:\/\/mpg-do.de\/index.php?rest_route=\/wp\/v2\/users\/1"}],"replies":[{"embeddable":true,"href":"https:\/\/mpg-do.de\/index.php?rest_route=%2Fwp%2Fv2%2Fcomments&post=2435"}],"version-history":[{"count":52,"href":"https:\/\/mpg-do.de\/index.php?rest_route=\/wp\/v2\/pages\/2435\/revisions"}],"predecessor-version":[{"id":14572,"href":"https:\/\/mpg-do.de\/index.php?rest_route=\/wp\/v2\/pages\/2435\/revisions\/14572"}],"wp:attachment":[{"href":"https:\/\/mpg-do.de\/index.php?rest_route=%2Fwp%2Fv2%2Fmedia&parent=2435"}],"curies":[{"name":"wp","href":"https:\/\/api.w.org\/{rel}","templated":true}]}}