{"id":650,"date":"2015-05-26T21:15:53","date_gmt":"2015-05-26T19:15:53","guid":{"rendered":"http:\/\/news.mpg-dortmund.de\/?page_id=650"},"modified":"2023-09-24T19:38:36","modified_gmt":"2023-09-24T17:38:36","slug":"schuelervertreter","status":"publish","type":"page","link":"https:\/\/mpg-do.de\/?page_id=650","title":{"rendered":"Sch\u00fclerInnenvertretung (SV)"},"content":{"rendered":"\n<p class=\"wp-block-paragraph\"><strong>Ihr wollt etwas an eurer Schule ver\u00e4ndern? Ihr wollt selbst mitgestalten? Ihr wollt eure Meinung sagen? Ihr wollt lernen, zu moderieren, zu organisieren und mitzureden? Dann seid ihr in der SV genau richtig!&nbsp;<\/strong><\/p>\n\n\n\n<p class=\"wp-block-paragraph\">Wir sind die SV! SV bedeutet Sch\u00fclerInnenvertretung. Die SV ist eine Gruppe von Sch\u00fclerInnen, die gemeinsam die Interessen und Meinungen der Sch\u00fcler und Sch\u00fclerinnen vertritt und in Diskussionen\/Gespr\u00e4chen mit Lehrern oder Eltern einbringt.&nbsp; Die Interessen&nbsp;unserer Mitsch\u00fclerInnen vertreten wir in wichtigen Gremien, wie zum Beispiel der Schulkonferenz. \u00dcber die Schule hinaus sind wir auch in der Bezirksdelegiertenkonferenz sowie in der Bezirkssch\u00fclervertretung vertreten.&nbsp;<\/p>\n\n\n\n<p class=\"wp-block-paragraph\">Die T\u00fcren der SV stehen allen interessierten Sch\u00fclerInnen offen. Sch\u00fcler und Sch\u00fclerinnen der Erprobungsstufe sind in der Junior SV willkommen, ab der siebten Klasse k\u00f6nnen diese dann in die regul\u00e4re SV \u00fcbergehen. Wir treffen uns jeden Montag in der 7. Stunde sowie mittwochs in der zweiten Pause im SV Raum (alte Cafeteria). Wir freuen uns \u00fcber jeden, der dazu kommen und mithelfen m\u00f6chte!\u00a0<\/p>\n\n\n\n<p class=\"wp-block-paragraph\">Des Weiteren werden wir, in Verbindung mit der MPCourAGe wieder eine Aktion zum internationalen Tag gegen Homophobie am 17. Mai sowie zum Anne Frank Tag am 12. Juni durchf\u00fchren.&nbsp;<\/p>\n\n\n\n<figure class=\"wp-block-image size-large\"><img loading=\"lazy\" decoding=\"async\" width=\"611\" height=\"600\" src=\"https:\/\/mpg-do.de\/wp-content\/uploads\/2023\/02\/5CFC6BCC-5DE7-43B7-BDAD-BEA5EA8A6561-611x600.png\" alt=\"\" class=\"wp-image-11991\" srcset=\"https:\/\/mpg-do.de\/wp-content\/uploads\/2023\/02\/5CFC6BCC-5DE7-43B7-BDAD-BEA5EA8A6561-611x600.png 611w, https:\/\/mpg-do.de\/wp-content\/uploads\/2023\/02\/5CFC6BCC-5DE7-43B7-BDAD-BEA5EA8A6561-300x295.png 300w, https:\/\/mpg-do.de\/wp-content\/uploads\/2023\/02\/5CFC6BCC-5DE7-43B7-BDAD-BEA5EA8A6561-64x64.png 64w, https:\/\/mpg-do.de\/wp-content\/uploads\/2023\/02\/5CFC6BCC-5DE7-43B7-BDAD-BEA5EA8A6561.png 750w\" sizes=\"auto, (max-width: 611px) 100vw, 611px\" \/><\/figure>\n\n\n\n<p class=\"wp-block-paragraph\">Wenn ihr Anregungen wie Projektideen, Feedback zu unserer Arbeit oder Fragen habt und ihr euch ebenfalls f\u00fcr unser Schulleben engagieren wollt, kommt doch einfach in unseren w\u00f6chentlichen Sitzungen zu uns in den SV Raum oder kontaktiert uns gerne auch per Mail, wenn ihr Anliegen, Fragen oder Ideen habt. Ihr erreicht uns unter <a>sv@mpg-dortmund.de<\/a><\/p>\n\n\n\n<p class=\"wp-block-paragraph\">Wir freuen uns auf euch und eure Ideen \/ euer Engagement!<\/p>\n\n\n\n<ul class=\"wp-block-list\">\n<li>Spendenlauf&nbsp;f\u00fcr Stra\u00dfenkinder in&nbsp;<strong><a href=\"..\/?p=1397\">Brasilien<\/a><\/strong><\/li>\n\n\n\n<li><strong>Unterstufenparty<\/strong><\/li>\n\n\n\n<li><strong><a href=\"https:\/\/mpg-do.de\/?tag=nikolaus\" data-type=\"post_tag\" data-id=\"249\">Nikolausaktion<\/a><\/strong><\/li>\n\n\n\n<li>U-18 und U16-<a href=\"http:\/\/mpg-do.de\/?tag=wahlen\"><strong>Wahlen<\/strong><\/a><\/li>\n<\/ul>\n\n\n\n<p class=\"wp-block-paragraph\"><a href=\"..\/?tag=SV\">Mehr Berichte von der SV<\/a><\/p>\n\n\n\n<p class=\"wp-block-paragraph\">Die SV bei Instagram:<\/p>\n\n\n\n<figure class=\"wp-block-image size-full\"><a href=\"https:\/\/instagram.com\/schuelervertretung_mpg_do?igshid=YmMyMTA2M2Y=\"><img loading=\"lazy\" decoding=\"async\" width=\"521\" height=\"498\" src=\"https:\/\/mpg-do.de\/wp-content\/uploads\/2022\/10\/SV-Instagram-QR-Code.jpg\" alt=\"\" class=\"wp-image-11545\" srcset=\"https:\/\/mpg-do.de\/wp-content\/uploads\/2022\/10\/SV-Instagram-QR-Code.jpg 521w, https:\/\/mpg-do.de\/wp-content\/uploads\/2022\/10\/SV-Instagram-QR-Code-300x287.jpg 300w, https:\/\/mpg-do.de\/wp-content\/uploads\/2022\/10\/SV-Instagram-QR-Code-64x61.jpg 64w\" sizes=\"auto, (max-width: 521px) 100vw, 521px\" \/><\/a><\/figure>\n","protected":false},"excerpt":{"rendered":"<p>Ihr wollt etwas an eurer Schule ver\u00e4ndern? Ihr wollt selbst mitgestalten? Ihr wollt eure Meinung sagen? Ihr wollt lernen, zu moderieren, zu organisieren und mitzureden? Dann seid ihr in der SV genau richtig!&nbsp; Wir sind die SV! SV bedeutet Sch\u00fclerInnenvertretung. Die SV ist eine Gruppe von Sch\u00fclerInnen, die gemeinsam die Interessen und Meinungen der Sch\u00fcler &hellip; <\/p>\n<p class=\"link-more\"><a href=\"https:\/\/mpg-do.de\/?page_id=650\" class=\"more-link\"><span class=\"screen-reader-text\">\u201eSch\u00fclerInnenvertretung (SV)\u201c <\/span>weiterlesen<\/a><\/p>\n","protected":false},"author":1,"featured_media":0,"parent":0,"menu_order":0,"comment_status":"closed","ping_status":"closed","template":"","meta":{"_crdt_document":"","footnotes":""},"class_list":["post-650","page","type-page","status-publish","hentry","entry"],"_links":{"self":[{"href":"https:\/\/mpg-do.de\/index.php?rest_route=\/wp\/v2\/pages\/650","targetHints":{"allow":["GET"]}}],"collection":[{"href":"https:\/\/mpg-do.de\/index.php?rest_route=\/wp\/v2\/pages"}],"about":[{"href":"https:\/\/mpg-do.de\/index.php?rest_route=\/wp\/v2\/types\/page"}],"author":[{"embeddable":true,"href":"https:\/\/mpg-do.de\/index.php?rest_route=\/wp\/v2\/users\/1"}],"replies":[{"embeddable":true,"href":"https:\/\/mpg-do.de\/index.php?rest_route=%2Fwp%2Fv2%2Fcomments&post=650"}],"version-history":[{"count":45,"href":"https:\/\/mpg-do.de\/index.php?rest_route=\/wp\/v2\/pages\/650\/revisions"}],"predecessor-version":[{"id":12681,"href":"https:\/\/mpg-do.de\/index.php?rest_route=\/wp\/v2\/pages\/650\/revisions\/12681"}],"wp:attachment":[{"href":"https:\/\/mpg-do.de\/index.php?rest_route=%2Fwp%2Fv2%2Fmedia&parent=650"}],"curies":[{"name":"wp","href":"https:\/\/api.w.org\/{rel}","templated":true}]}}