{"id":6756,"date":"2019-09-13T08:45:28","date_gmt":"2019-09-13T06:45:28","guid":{"rendered":"https:\/\/noobserver.de\/?page_id=6756"},"modified":"2024-03-15T11:45:03","modified_gmt":"2024-03-15T10:45:03","slug":"franzoesisch","status":"publish","type":"page","link":"https:\/\/mpg-do.de\/?page_id=6756","title":{"rendered":"Franz\u00f6sisch (bilingual)"},"content":{"rendered":"\n<figure class=\"wp-block-gallery has-nested-images columns-default is-cropped wp-block-gallery-1 is-layout-flex wp-block-gallery-is-layout-flex\">\n<figure class=\"wp-block-image size-large\"><img loading=\"lazy\" decoding=\"async\" width=\"940\" height=\"460\" data-id=\"3368\" src=\"https:\/\/mpg-do.de\/wp-content\/uploads\/2016\/12\/2016-Paris-2-Max-Planck-Gymnasium-Dortmund.jpg\" alt=\"Franz\u00f6sisch\" class=\"wp-image-3368\" srcset=\"https:\/\/mpg-do.de\/wp-content\/uploads\/2016\/12\/2016-Paris-2-Max-Planck-Gymnasium-Dortmund.jpg 940w, https:\/\/mpg-do.de\/wp-content\/uploads\/2016\/12\/2016-Paris-2-Max-Planck-Gymnasium-Dortmund-300x147.jpg 300w, https:\/\/mpg-do.de\/wp-content\/uploads\/2016\/12\/2016-Paris-2-Max-Planck-Gymnasium-Dortmund-768x376.jpg 768w, https:\/\/mpg-do.de\/wp-content\/uploads\/2016\/12\/2016-Paris-2-Max-Planck-Gymnasium-Dortmund-600x294.jpg 600w, https:\/\/mpg-do.de\/wp-content\/uploads\/2016\/12\/2016-Paris-2-Max-Planck-Gymnasium-Dortmund-64x31.jpg 64w, https:\/\/mpg-do.de\/wp-content\/uploads\/2016\/12\/2016-Paris-2-Max-Planck-Gymnasium-Dortmund-260x127.jpg 260w\" sizes=\"auto, (max-width: 940px) 100vw, 940px\" \/><figcaption class=\"wp-element-caption\"><a href=\"https:\/\/mpg-do.de\/?page_id=6756\">Franz\u00f6sisch<\/a><\/figcaption><\/figure>\n\n\n\n<figure class=\"wp-block-image size-large\"><img loading=\"lazy\" decoding=\"async\" width=\"760\" height=\"320\" data-id=\"4444\" src=\"https:\/\/mpg-do.de\/wp-content\/uploads\/2017\/11\/logo_abibac_banniere.jpg\" alt=\"\" class=\"wp-image-4444\" srcset=\"https:\/\/mpg-do.de\/wp-content\/uploads\/2017\/11\/logo_abibac_banniere.jpg 760w, https:\/\/mpg-do.de\/wp-content\/uploads\/2017\/11\/logo_abibac_banniere-300x126.jpg 300w, https:\/\/mpg-do.de\/wp-content\/uploads\/2017\/11\/logo_abibac_banniere-600x253.jpg 600w, https:\/\/mpg-do.de\/wp-content\/uploads\/2017\/11\/logo_abibac_banniere-64x27.jpg 64w, https:\/\/mpg-do.de\/wp-content\/uploads\/2017\/11\/logo_abibac_banniere-260x109.jpg 260w\" sizes=\"auto, (max-width: 760px) 100vw, 760px\" \/><\/figure>\n\n\n\n<figure class=\"wp-block-image size-large\"><img loading=\"lazy\" decoding=\"async\" width=\"1024\" height=\"530\" data-id=\"3389\" src=\"https:\/\/mpg-do.de\/wp-content\/uploads\/2016\/12\/2016-Stra\u00dfburg-Max-Planck-Gymnasium-Dortmund-1024x530.jpeg\" alt=\"\" class=\"wp-image-3389\" srcset=\"https:\/\/mpg-do.de\/wp-content\/uploads\/2016\/12\/2016-Stra\u00dfburg-Max-Planck-Gymnasium-Dortmund-1024x530.jpeg 1024w, https:\/\/mpg-do.de\/wp-content\/uploads\/2016\/12\/2016-Stra\u00dfburg-Max-Planck-Gymnasium-Dortmund-300x155.jpeg 300w, https:\/\/mpg-do.de\/wp-content\/uploads\/2016\/12\/2016-Stra\u00dfburg-Max-Planck-Gymnasium-Dortmund-768x398.jpeg 768w, https:\/\/mpg-do.de\/wp-content\/uploads\/2016\/12\/2016-Stra\u00dfburg-Max-Planck-Gymnasium-Dortmund-600x311.jpeg 600w, https:\/\/mpg-do.de\/wp-content\/uploads\/2016\/12\/2016-Stra\u00dfburg-Max-Planck-Gymnasium-Dortmund-64x33.jpeg 64w, https:\/\/mpg-do.de\/wp-content\/uploads\/2016\/12\/2016-Stra\u00dfburg-Max-Planck-Gymnasium-Dortmund-260x135.jpeg 260w, https:\/\/mpg-do.de\/wp-content\/uploads\/2016\/12\/2016-Stra\u00dfburg-Max-Planck-Gymnasium-Dortmund.jpeg 1280w\" sizes=\"auto, (max-width: 1024px) 100vw, 1024px\" \/><\/figure>\n<\/figure>\n\n\n<p style=\"text-align: center;\"><strong>Ast\u00e9rix und Tintin \u2013 Baguette und Cr\u00eape?<\/strong><\/p>\n<p style=\"text-align: left;\">Wenn ihr Kind Franz\u00f6sisch lernt, wird es nicht nur Asterix in seiner Muttersprache verstehen und mit Franzosen \u00fcber das Essen plaudern k\u00f6nnen. Vielmehr ist Franz\u00f6sisch neben Englisch die wichtigste Sprache, um sich bei internationalen Kontakten zu verst\u00e4ndigen. Daher bieten gute Franz\u00f6sischkenntnisse sp\u00e4ter auch weitere Chancen in vielen Berufen \u2013 umso mehr als Frankreich auch der wichtigste Handelspartner Deutschlands ist. Franz\u00f6sisch wird aber nicht nur in Frankreich gesprochen, sondern in 52 L\u00e4ndern der Welt, wie z.B. in Belgien, Luxemburg, Schweiz, Senegal oder Kanada.<\/p>\n<p>Alle Sch\u00fcler_innen haben dank der zahlreichen Austauschangebote die Gelegenheit die franz\u00f6sische Kultur kennenzulernen und Freundschaften zu schlie\u00dfen. Die Wahl von Franz\u00f6sisch ist keine Pflicht. Wenn aber ein besonderes Interesse an der Sprache, den Landsleuten und der franz\u00f6sischen Kultur vorhanden ist, kann ihr Kind das Fach <strong>schon<\/strong> <strong>ab Klasse 5 (bilingual)<\/strong> w\u00e4hlen <strong>oder ab Klasse 7 (nicht-bilingual)<\/strong> im Rahmen des sogenannten Wahlpflichtbereiches belegen. In diesem Fall beh\u00e4lt ihr Kind Franz\u00f6sisch mindestens bis zum Ende der 10. Klasse.<\/p>\n<p style=\"text-align: center;\"><strong>Bilingualer Zweig \u2013 Fili\u00e8re bilingue \u2013 Abibac<\/strong><\/p>\n<p>Fremdsprachen sind das Tor zur Welt \u2013 das Max-Planck-Gymnasium er\u00f6ffnet seinen Sch\u00fclerinnen und Sch\u00fclern hier eine besondere M\u00f6glichkeit des Hindurchtretens: \u00fcber Franz\u00f6sisch ab Klasse 5 plus Erdkunde bilingual ab Klasse 7, Politik bilingual in Klasse 8 und 9, Geschichte bilingual ab Klasse 8.<\/p>\n<p>Mit Spiel, Spa\u00df und Gesang entdecken die Sch\u00fclerinnen und Sch\u00fcler ab Klasse 5 intensiv die franz\u00f6sische Sprache, k\u00f6nnen dann auch im n\u00e4chsten Frankreichurlaub ihr Eis auf Franz\u00f6sisch bestellen, franz\u00f6sische Comics lesen, franz\u00f6sische Songs schmettern oder den Weg zum n\u00e4chsten Restaurant erfragen.<\/p>\n<p>Eine zus\u00e4tzliche Chance bietet in diesem Zusammenhang auch der vertiefende Franz\u00f6sischkurs mit zus\u00e4tzlichen Stunden in der Einf\u00fchrungsphase als Vorbereitung f\u00fcr den Leistungskurs in der Qualifikationsphase mit der M\u00f6glichkeit des Erwerbs des <a href=\"https:\/\/www.institutfrancais.de\/bildung\/schule\/abibac-bilinguale-zweige\">Abibac<\/a>, der <a href=\"https:\/\/www.institutfrancais.de\/bildung\/schule\/abibac-bilinguale-zweige\">Doppelqualifikation deutsches und franz\u00f6sisches Abitur<\/a> \u2013 dies offeriert den Sch\u00fclerinnen und Sch\u00fclern eine gr\u00f6\u00dftm\u00f6gliche Sicherheit im Franz\u00f6sischen und Einblicke in franz\u00f6sische Themengebiete jenseits des Bekannten.<\/p>\n<p style=\"text-align: left;\">A bient\u00f4t au MPG!<\/p>\n<hr \/>\n<p><a href=\"..\/?page_id=2437\">Sprachenfolge am MPG<\/a><br \/><a href=\"..\/wp-content\/uploads\/2021\/11\/DELF_Info_Homepage.pdf\" target=\"_blank\" rel=\"noopener\">DELF-Pr\u00fcfungen<\/a><\/p>\n<p><a href=\"https:\/\/mpg-do.de\/wp-content\/uploads\/2024\/03\/Leistungskonzept-MA\u00a4rz-2024_final.pdf\">Leistungskonzept Franz\u00f6sisch<\/a><\/p>\n<p><a href=\"https:\/\/mpg-do.de\/wp-content\/uploads\/2021\/11\/Curricula_1.Lernjahr.pdf\" target=\"_blank\" rel=\"noopener\">Franz\u00f6sisch Curriculum 1.Lernjahr (Sek I)<\/a><br \/><a href=\"https:\/\/mpg-do.de\/wp-content\/uploads\/2021\/11\/Curricula_2.Lernjahr.pdf\" target=\"_blank\" rel=\"noopener\">Franz\u00f6sisch Curriculum 2.Lernjahr (Sek I)<\/a><\/p>\n<p><a href=\"https:\/\/mpg-do.de\/wp-content\/uploads\/2024\/03\/F5F7-G9-3.-Lernjahr.docx.pdf\">Franz\u00f6sisch Curriculum 3. Lernjahr (Sek I)<\/a><br \/><a href=\"https:\/\/mpg-do.de\/wp-content\/uploads\/2021\/11\/Curricula_EF_2021.pdf\" target=\"_blank\" rel=\"noopener\">Franz\u00f6sisch Curriculum EF<\/a><br \/><a href=\"https:\/\/mpg-do.de\/wp-content\/uploads\/2021\/11\/Curricula_Q1_2021.pdf\" target=\"_blank\" rel=\"noopener\">Franz\u00f6sisch Curriculum Q1<\/a><br \/><a href=\"https:\/\/mpg-do.de\/wp-content\/uploads\/2021\/11\/Curricula_Q2_2021.pdf\" target=\"_blank\" rel=\"noopener\">Franz\u00f6sisch Curriculum Q2<\/a><\/p>\n<p><a href=\"..\/?tag=franzoesisch\">Aktuelle Berichte zum Fach Franz\u00f6sisch<\/a><\/p>\n<figure id=\"attachment_5434\" aria-describedby=\"caption-attachment-5434\" style=\"width: 182px\" class=\"wp-caption aligncenter\"><a href=\"..\/wp-content\/uploads\/2016\/06\/Echanges-scolaires.pptx.pdf\"><img loading=\"lazy\" decoding=\"async\" class=\"wp-image-5434\" src=\"..\/wp-content\/uploads\/2016\/06\/praesentation_franzoesisch-1024x767.png\" alt=\"\" width=\"182\" height=\"180\" \/><\/a><figcaption id=\"caption-attachment-5434\" class=\"wp-caption-text\">Austauschprogramme nach Frankreich am MPG<\/figcaption><\/figure>","protected":false},"excerpt":{"rendered":"<p>Ast\u00e9rix und Tintin \u2013 Baguette und Cr\u00eape? Wenn ihr Kind Franz\u00f6sisch lernt, wird es nicht nur Asterix in seiner Muttersprache verstehen und mit Franzosen \u00fcber das Essen plaudern k\u00f6nnen. Vielmehr ist Franz\u00f6sisch neben Englisch die wichtigste Sprache, um sich bei internationalen Kontakten zu verst\u00e4ndigen. Daher bieten gute Franz\u00f6sischkenntnisse sp\u00e4ter auch weitere Chancen in vielen Berufen &hellip; <\/p>\n<p class=\"link-more\"><a href=\"https:\/\/mpg-do.de\/?page_id=6756\" class=\"more-link\"><span class=\"screen-reader-text\">\u201eFranz\u00f6sisch (bilingual)\u201c <\/span>weiterlesen<\/a><\/p>\n","protected":false},"author":13,"featured_media":0,"parent":458,"menu_order":0,"comment_status":"closed","ping_status":"closed","template":"","meta":{"_crdt_document":"","footnotes":""},"class_list":["post-6756","page","type-page","status-publish","hentry","entry"],"_links":{"self":[{"href":"https:\/\/mpg-do.de\/index.php?rest_route=\/wp\/v2\/pages\/6756","targetHints":{"allow":["GET"]}}],"collection":[{"href":"https:\/\/mpg-do.de\/index.php?rest_route=\/wp\/v2\/pages"}],"about":[{"href":"https:\/\/mpg-do.de\/index.php?rest_route=\/wp\/v2\/types\/page"}],"author":[{"embeddable":true,"href":"https:\/\/mpg-do.de\/index.php?rest_route=\/wp\/v2\/users\/13"}],"replies":[{"embeddable":true,"href":"https:\/\/mpg-do.de\/index.php?rest_route=%2Fwp%2Fv2%2Fcomments&post=6756"}],"version-history":[{"count":14,"href":"https:\/\/mpg-do.de\/index.php?rest_route=\/wp\/v2\/pages\/6756\/revisions"}],"predecessor-version":[{"id":13188,"href":"https:\/\/mpg-do.de\/index.php?rest_route=\/wp\/v2\/pages\/6756\/revisions\/13188"}],"up":[{"embeddable":true,"href":"https:\/\/mpg-do.de\/index.php?rest_route=\/wp\/v2\/pages\/458"}],"wp:attachment":[{"href":"https:\/\/mpg-do.de\/index.php?rest_route=%2Fwp%2Fv2%2Fmedia&parent=6756"}],"curies":[{"name":"wp","href":"https:\/\/api.w.org\/{rel}","templated":true}]}}

Französisch (bilingual)

<figure class="wp-block-gallery has-nested-images columns-default is-cropped wp-block-gallery-1 is-layout-flex wp-block-gallery-is-layout-flex">
<figure class="wp-block-image size-large"><img loading="lazy" decoding="async" width="940" height="460" data-id="3368" src="https://mpg-do.de/wp-content/uploads/2016/12/2016-Paris-2-Max-Planck-Gymnasium-Dortmund.jpg" alt="Französisch" class="wp-image-3368" srcset="https://mpg-do.de/wp-content/uploads/2016/12/2016-Paris-2-Max-Planck-Gymnasium-Dortmund.jpg 940w, https://mpg-do.de/wp-content/uploads/2016/12/2016-Paris-2-Max-Planck-Gymnasium-Dortmund-300x147.jpg 300w, https://mpg-do.de/wp-content/uploads/2016/12/2016-Paris-2-Max-Planck-Gymnasium-Dortmund-768x376.jpg 768w, https://mpg-do.de/wp-content/uploads/2016/12/2016-Paris-2-Max-Planck-Gymnasium-Dortmund-600x294.jpg 600w, https://mpg-do.de/wp-content/uploads/2016/12/2016-Paris-2-Max-Planck-Gymnasium-Dortmund-64x31.jpg 64w, https://mpg-do.de/wp-content/uploads/2016/12/2016-Paris-2-Max-Planck-Gymnasium-Dortmund-260x127.jpg 260w" sizes="auto, (max-width: 940px) 100vw, 940px" /><figcaption class="wp-element-caption"><a href="https://mpg-do.de/?page_id=6756">Französisch</a></figcaption></figure>



<figure class="wp-block-image size-large"><img loading="lazy" decoding="async" width="760" height="320" data-id="4444" src="https://mpg-do.de/wp-content/uploads/2017/11/logo_abibac_banniere.jpg" alt="" class="wp-image-4444" srcset="https://mpg-do.de/wp-content/uploads/2017/11/logo_abibac_banniere.jpg 760w, https://mpg-do.de/wp-content/uploads/2017/11/logo_abibac_banniere-300x126.jpg 300w, https://mpg-do.de/wp-content/uploads/2017/11/logo_abibac_banniere-600x253.jpg 600w, https://mpg-do.de/wp-content/uploads/2017/11/logo_abibac_banniere-64x27.jpg 64w, https://mpg-do.de/wp-content/uploads/2017/11/logo_abibac_banniere-260x109.jpg 260w" sizes="auto, (max-width: 760px) 100vw, 760px" /></figure>



<figure class="wp-block-image size-large"><img loading="lazy" decoding="async" width="1024" height="530" data-id="3389" src="https://mpg-do.de/wp-content/uploads/2016/12/2016-Straßburg-Max-Planck-Gymnasium-Dortmund-1024x530.jpeg" alt="" class="wp-image-3389" srcset="https://mpg-do.de/wp-content/uploads/2016/12/2016-Straßburg-Max-Planck-Gymnasium-Dortmund-1024x530.jpeg 1024w, https://mpg-do.de/wp-content/uploads/2016/12/2016-Straßburg-Max-Planck-Gymnasium-Dortmund-300x155.jpeg 300w, https://mpg-do.de/wp-content/uploads/2016/12/2016-Straßburg-Max-Planck-Gymnasium-Dortmund-768x398.jpeg 768w, https://mpg-do.de/wp-content/uploads/2016/12/2016-Straßburg-Max-Planck-Gymnasium-Dortmund-600x311.jpeg 600w, https://mpg-do.de/wp-content/uploads/2016/12/2016-Straßburg-Max-Planck-Gymnasium-Dortmund-64x33.jpeg 64w, https://mpg-do.de/wp-content/uploads/2016/12/2016-Straßburg-Max-Planck-Gymnasium-Dortmund-260x135.jpeg 260w, https://mpg-do.de/wp-content/uploads/2016/12/2016-Straßburg-Max-Planck-Gymnasium-Dortmund.jpeg 1280w" sizes="auto, (max-width: 1024px) 100vw, 1024px" /></figure>
</figure>


<p style="text-align: center;"><strong>Astérix und Tintin – Baguette und Crêpe?</strong></p>
<p style="text-align: left;">Wenn ihr Kind Französisch lernt, wird es nicht nur Asterix in seiner Muttersprache verstehen und mit Franzosen über das Essen plaudern können. Vielmehr ist Französisch neben Englisch die wichtigste Sprache, um sich bei internationalen Kontakten zu verständigen. Daher bieten gute Französischkenntnisse später auch weitere Chancen in vielen Berufen – umso mehr als Frankreich auch der wichtigste Handelspartner Deutschlands ist. Französisch wird aber nicht nur in Frankreich gesprochen, sondern in 52 Ländern der Welt, wie z.B. in Belgien, Luxemburg, Schweiz, Senegal oder Kanada.</p>
<p>Alle Schüler_innen haben dank der zahlreichen Austauschangebote die Gelegenheit die französische Kultur kennenzulernen und Freundschaften zu schließen. Die Wahl von Französisch ist keine Pflicht. Wenn aber ein besonderes Interesse an der Sprache, den Landsleuten und der französischen Kultur vorhanden ist, kann ihr Kind das Fach <strong>schon</strong> <strong>ab Klasse 5 (bilingual)</strong> wählen <strong>oder ab Klasse 7 (nicht-bilingual)</strong> im Rahmen des sogenannten Wahlpflichtbereiches belegen. In diesem Fall behält ihr Kind Französisch mindestens bis zum Ende der 10. Klasse.</p>
<p style="text-align: center;"><strong>Bilingualer Zweig – Filière bilingue – Abibac</strong></p>
<p>Fremdsprachen sind das Tor zur Welt – das Max-Planck-Gymnasium eröffnet seinen Schülerinnen und Schülern hier eine besondere Möglichkeit des Hindurchtretens: über Französisch ab Klasse 5 plus Erdkunde bilingual ab Klasse 7, Politik bilingual in Klasse 8 und 9, Geschichte bilingual ab Klasse 8.</p>
<p>Mit Spiel, Spaß und Gesang entdecken die Schülerinnen und Schüler ab Klasse 5 intensiv die französische Sprache, können dann auch im nächsten Frankreichurlaub ihr Eis auf Französisch bestellen, französische Comics lesen, französische Songs schmettern oder den Weg zum nächsten Restaurant erfragen.</p>
<p>Eine zusätzliche Chance bietet in diesem Zusammenhang auch der vertiefende Französischkurs mit zusätzlichen Stunden in der Einführungsphase als Vorbereitung für den Leistungskurs in der Qualifikationsphase mit der Möglichkeit des Erwerbs des <a href="https://www.institutfrancais.de/bildung/schule/abibac-bilinguale-zweige">Abibac</a>, der <a href="https://www.institutfrancais.de/bildung/schule/abibac-bilinguale-zweige">Doppelqualifikation deutsches und französisches Abitur</a> – dies offeriert den Schülerinnen und Schülern eine größtmögliche Sicherheit im Französischen und Einblicke in französische Themengebiete jenseits des Bekannten.</p>
<p style="text-align: left;">A bientôt au MPG!</p>
<hr />
<p><a href="../?page_id=2437">Sprachenfolge am MPG</a><br /><a href="../wp-content/uploads/2021/11/DELF_Info_Homepage.pdf" target="_blank" rel="noopener">DELF-Prüfungen</a></p>
<p><a href="https://mpg-do.de/wp-content/uploads/2024/03/Leistungskonzept-MA¤rz-2024_final.pdf">Leistungskonzept Französisch</a></p>
<p><a href="https://mpg-do.de/wp-content/uploads/2021/11/Curricula_1.Lernjahr.pdf" target="_blank" rel="noopener">Französisch Curriculum 1.Lernjahr (Sek I)</a><br /><a href="https://mpg-do.de/wp-content/uploads/2021/11/Curricula_2.Lernjahr.pdf" target="_blank" rel="noopener">Französisch Curriculum 2.Lernjahr (Sek I)</a></p>
<p><a href="https://mpg-do.de/wp-content/uploads/2024/03/F5F7-G9-3.-Lernjahr.docx.pdf">Französisch Curriculum 3. Lernjahr (Sek I)</a><br /><a href="https://mpg-do.de/wp-content/uploads/2021/11/Curricula_EF_2021.pdf" target="_blank" rel="noopener">Französisch Curriculum EF</a><br /><a href="https://mpg-do.de/wp-content/uploads/2021/11/Curricula_Q1_2021.pdf" target="_blank" rel="noopener">Französisch Curriculum Q1</a><br /><a href="https://mpg-do.de/wp-content/uploads/2021/11/Curricula_Q2_2021.pdf" target="_blank" rel="noopener">Französisch Curriculum Q2</a></p>
<p><a href="../?tag=franzoesisch">Aktuelle Berichte zum Fach Französisch</a></p>
<figure id="attachment_5434" aria-describedby="caption-attachment-5434" style="width: 182px" class="wp-caption aligncenter"><a href="../wp-content/uploads/2016/06/Echanges-scolaires.pptx.pdf"><img loading="lazy" decoding="async" class="wp-image-5434" src="../wp-content/uploads/2016/06/praesentation_franzoesisch-1024x767.png" alt="" width="182" height="180" /></a><figcaption id="caption-attachment-5434" class="wp-caption-text">Austauschprogramme nach Frankreich am MPG</figcaption></figure>

<p>Astérix und Tintin – Baguette und Crêpe? Wenn ihr Kind Französisch lernt, wird es nicht nur Asterix in seiner Muttersprache verstehen und mit Franzosen über das Essen plaudern können. Vielmehr ist Französisch neben Englisch die wichtigste Sprache, um sich bei internationalen Kontakten zu verständigen. Daher bieten gute Französischkenntnisse später auch weitere Chancen in vielen Berufen &hellip; </p>
<p class="link-more"><a href="https://mpg-do.de/?page_id=6756" class="more-link"><span class="screen-reader-text">„Französisch (bilingual)“ </span>weiterlesen</a></p>
