{"id":6771,"date":"2019-09-13T08:51:00","date_gmt":"2019-09-13T06:51:00","guid":{"rendered":"https:\/\/noobserver.de\/?page_id=6771"},"modified":"2025-03-03T16:52:28","modified_gmt":"2025-03-03T15:52:28","slug":"erdkunde","status":"publish","type":"page","link":"https:\/\/mpg-do.de\/?page_id=6771","title":{"rendered":"Erdkunde"},"content":{"rendered":"<p align=\"center\">\u201eWer den Himmel auf Erden sucht, hat im Erdkundeunterricht geschlafen.\u201c<\/p>\r\n<p align=\"center\">~ Stanislaw Jerzy Lec<\/p>\r\n<p align=\"justify\">Im Erdkundeunterricht der Sekundarstufe I versuchen wir zu verstehen, wie wir Menschen die Erde ver\u00e4ndern und wie diese Ver\u00e4nderungen unser k\u00fcnftiges Leben auf dieser Erde beeinflussen. Auf diese Weise versuchen wir einen Beitrag zur nachhaltigen Entwicklung und zur Zukunftssicherung von Erde und Menschheit zu leisten<\/p>\r\n<p align=\"justify\">Im Geographieunterricht der Sekundarstufe II werden dann im Rahmen von Leistungs- und Grundkursen die bekannten Methoden und Inhalte vertieft. Neben den Grund- und Leistungskursen gibt es dann auch die M\u00f6glichkeit, einen Projektkurs zu w\u00e4hlen. Hier wird \u00fcber ein ganzes Schuljahr wissenschaftlich und praktisch an einem geographischen Thema gearbeitet.<\/p>\r\n<p>Da das Lernen vor Ort ein wichtiger Bestandteil des Erdkundeunterrichts ist, lernen wir z.B. auf Exkursionen im Raum Dortmund wichtige Aspekte zum Strukturwandel. Im \u201eDialog mit der Jugend\u201c des Initiativkreises Ruhr treffen wir regelm\u00e4\u00dfig Top-Manager der Region in ihren Unternehmen, um uns \u00fcber ihren Werdegang und die Berufsm\u00f6glichkeiten im Unternehmen zu informieren.<\/p>\r\n<p align=\"justify\">Wenn du im <a href=\"..\/?page_id=6756\">franz\u00f6sisch-bilingualen Zweig<\/a>\u00a0lernst, wirst du ab der 7. Klasse mehr und mehr Franz\u00f6sisch im Erdkundeunterricht sprechen. Peu \u00e0 peu wirst du somit auf ein bilinguales Abitur oder das ABIBAC vorbereitet.<\/p>\r\n<hr \/>\r\n<p align=\"justify\"><a href=\"..\/wp-content\/uploads\/2020\/11\/Erdkunde_Leistungskonzept-2.pdf\" target=\"_blank\" rel=\"noopener noreferrer\">Schulinternes Leistungskonzept<\/a><\/p>\r\n<p align=\"justify\"><a href=\"..\/wp-content\/uploads\/2020\/11\/G9_SILP_Jg_6_Erdkunde-1.pdf\" target=\"_blank\" rel=\"noopener noreferrer\">Schulinternes Curriculum Jahrgangsstufe 6<\/a><br \/><a href=\"..\/wp-content\/uploads\/2021\/11\/G9_SILP_Gym_SI_Erdkunde_Klasse7.docx.pdf\" target=\"_blank\" rel=\"noopener noreferrer\">Schulinternes Curriculum Jahrgangsstufe 7<\/a><br \/><a href=\"..\/wp-content\/uploads\/2021\/11\/Curriculum-Max-Planck-Gymnasium-G-9-Geographie-Jahrgangsstufe-8.pdf\" target=\"_blank\" rel=\"noopener noreferrer\">Schulinternes Curriculum Jahrgangsstufe 8<\/a><br \/><a href=\"..\/wp-content\/uploads\/2025\/03\/Klasse-10.pdf\" target=\"_blank\" rel=\"noopener noreferrer\">Schulinternes Curriculum Jahrgangsstufe 10<\/a><br \/><a href=\"..\/wp-content\/uploads\/2020\/11\/SILP_EF_Geographie-1.pdf\" target=\"_blank\" rel=\"noopener noreferrer\">Schulinternes Curriculum EF<\/a><br \/><a href=\"https:\/\/mpg-do.de\/wp-content\/uploads\/2020\/11\/SILP_EF_Geographie_bilingual-1.pdf\" target=\"_blank\" rel=\"noopener noreferrer\">Schulinternes Curriculum EF &#8211; bilingual<\/a>\u00a0<br \/><a href=\"..\/wp-content\/uploads\/2020\/11\/SILP_Q1_Geographie-1.pdf\" target=\"_blank\" rel=\"noopener noreferrer\">Schulinternes Curriculum Q1<\/a><br \/><a href=\"..\/wp-content\/uploads\/2020\/11\/SILP_Q1_Geographie_bilingual-1.pdf\" target=\"_blank\" rel=\"noopener noreferrer\">Schulinternes CurriculumQ1 &#8211; bilingual<\/a><br \/><a href=\"..\/wp-content\/uploads\/2020\/11\/SILP_Q2_Geographie-1.pdf\" target=\"_blank\" rel=\"noopener noreferrer\">Schulinternes Curriculum Q2<\/a><br \/><a href=\"..\/wp-content\/uploads\/2020\/11\/SILP_Q2_Geographie_bilingual-1.pdf\" target=\"_blank\" rel=\"noopener noreferrer\">Schulinternes Curriculum Q2 &#8211; bilingual<\/a><\/p>\r\n\r\n<p class=\"wp-block-paragraph\">&nbsp;<\/p>\r\n","protected":false},"excerpt":{"rendered":"<p>\u201eWer den Himmel auf Erden sucht, hat im Erdkundeunterricht geschlafen.\u201c ~ Stanislaw Jerzy Lec Im Erdkundeunterricht der Sekundarstufe I versuchen wir zu verstehen, wie wir Menschen die Erde ver\u00e4ndern und wie diese Ver\u00e4nderungen unser k\u00fcnftiges Leben auf dieser Erde beeinflussen. Auf diese Weise versuchen wir einen Beitrag zur nachhaltigen Entwicklung und zur Zukunftssicherung von Erde &hellip; <\/p>\n<p class=\"link-more\"><a href=\"https:\/\/mpg-do.de\/?page_id=6771\" class=\"more-link\"><span class=\"screen-reader-text\">\u201eErdkunde\u201c <\/span>weiterlesen<\/a><\/p>\n","protected":false},"author":13,"featured_media":0,"parent":458,"menu_order":0,"comment_status":"closed","ping_status":"closed","template":"","meta":{"_crdt_document":"","footnotes":""},"class_list":["post-6771","page","type-page","status-publish","hentry","entry"],"_links":{"self":[{"href":"https:\/\/mpg-do.de\/index.php?rest_route=\/wp\/v2\/pages\/6771","targetHints":{"allow":["GET"]}}],"collection":[{"href":"https:\/\/mpg-do.de\/index.php?rest_route=\/wp\/v2\/pages"}],"about":[{"href":"https:\/\/mpg-do.de\/index.php?rest_route=\/wp\/v2\/types\/page"}],"author":[{"embeddable":true,"href":"https:\/\/mpg-do.de\/index.php?rest_route=\/wp\/v2\/users\/13"}],"replies":[{"embeddable":true,"href":"https:\/\/mpg-do.de\/index.php?rest_route=%2Fwp%2Fv2%2Fcomments&post=6771"}],"version-history":[{"count":11,"href":"https:\/\/mpg-do.de\/index.php?rest_route=\/wp\/v2\/pages\/6771\/revisions"}],"predecessor-version":[{"id":14028,"href":"https:\/\/mpg-do.de\/index.php?rest_route=\/wp\/v2\/pages\/6771\/revisions\/14028"}],"up":[{"embeddable":true,"href":"https:\/\/mpg-do.de\/index.php?rest_route=\/wp\/v2\/pages\/458"}],"wp:attachment":[{"href":"https:\/\/mpg-do.de\/index.php?rest_route=%2Fwp%2Fv2%2Fmedia&parent=6771"}],"curies":[{"name":"wp","href":"https:\/\/api.w.org\/{rel}","templated":true}]}}

<p align="center">„Wer den Himmel auf Erden sucht, hat im Erdkundeunterricht geschlafen.“</p>
<p align="center">~ Stanislaw Jerzy Lec</p>
<p align="justify">Im Erdkundeunterricht der Sekundarstufe I versuchen wir zu verstehen, wie wir Menschen die Erde verändern und wie diese Veränderungen unser künftiges Leben auf dieser Erde beeinflussen. Auf diese Weise versuchen wir einen Beitrag zur nachhaltigen Entwicklung und zur Zukunftssicherung von Erde und Menschheit zu leisten</p>
<p align="justify">Im Geographieunterricht der Sekundarstufe II werden dann im Rahmen von Leistungs- und Grundkursen die bekannten Methoden und Inhalte vertieft. Neben den Grund- und Leistungskursen gibt es dann auch die Möglichkeit, einen Projektkurs zu wählen. Hier wird über ein ganzes Schuljahr wissenschaftlich und praktisch an einem geographischen Thema gearbeitet.</p>
<p>Da das Lernen vor Ort ein wichtiger Bestandteil des Erdkundeunterrichts ist, lernen wir z.B. auf Exkursionen im Raum Dortmund wichtige Aspekte zum Strukturwandel. Im „Dialog mit der Jugend“ des Initiativkreises Ruhr treffen wir regelmäßig Top-Manager der Region in ihren Unternehmen, um uns über ihren Werdegang und die Berufsmöglichkeiten im Unternehmen zu informieren.</p>
<p align="justify">Wenn du im <a href="../?page_id=6756">französisch-bilingualen Zweig</a> lernst, wirst du ab der 7. Klasse mehr und mehr Französisch im Erdkundeunterricht sprechen. Peu à peu wirst du somit auf ein bilinguales Abitur oder das ABIBAC vorbereitet.</p>
<hr />
<p align="justify"><a href="../wp-content/uploads/2020/11/Erdkunde_Leistungskonzept-2.pdf" target="_blank" rel="noopener noreferrer">Schulinternes Leistungskonzept</a></p>
<p align="justify"><a href="../wp-content/uploads/2020/11/G9_SILP_Jg_6_Erdkunde-1.pdf" target="_blank" rel="noopener noreferrer">Schulinternes Curriculum Jahrgangsstufe 6</a><br /><a href="../wp-content/uploads/2021/11/G9_SILP_Gym_SI_Erdkunde_Klasse7.docx.pdf" target="_blank" rel="noopener noreferrer">Schulinternes Curriculum Jahrgangsstufe 7</a><br /><a href="../wp-content/uploads/2021/11/Curriculum-Max-Planck-Gymnasium-G-9-Geographie-Jahrgangsstufe-8.pdf" target="_blank" rel="noopener noreferrer">Schulinternes Curriculum Jahrgangsstufe 8</a><br /><a href="../wp-content/uploads/2025/03/Klasse-10.pdf" target="_blank" rel="noopener noreferrer">Schulinternes Curriculum Jahrgangsstufe 10</a><br /><a href="../wp-content/uploads/2020/11/SILP_EF_Geographie-1.pdf" target="_blank" rel="noopener noreferrer">Schulinternes Curriculum EF</a><br /><a href="https://mpg-do.de/wp-content/uploads/2020/11/SILP_EF_Geographie_bilingual-1.pdf" target="_blank" rel="noopener noreferrer">Schulinternes Curriculum EF &#8211; bilingual</a> <br /><a href="../wp-content/uploads/2020/11/SILP_Q1_Geographie-1.pdf" target="_blank" rel="noopener noreferrer">Schulinternes Curriculum Q1</a><br /><a href="../wp-content/uploads/2020/11/SILP_Q1_Geographie_bilingual-1.pdf" target="_blank" rel="noopener noreferrer">Schulinternes CurriculumQ1 &#8211; bilingual</a><br /><a href="../wp-content/uploads/2020/11/SILP_Q2_Geographie-1.pdf" target="_blank" rel="noopener noreferrer">Schulinternes Curriculum Q2</a><br /><a href="../wp-content/uploads/2020/11/SILP_Q2_Geographie_bilingual-1.pdf" target="_blank" rel="noopener noreferrer">Schulinternes Curriculum Q2 &#8211; bilingual</a></p>

<p class="wp-block-paragraph">&nbsp;</p>

<p>„Wer den Himmel auf Erden sucht, hat im Erdkundeunterricht geschlafen.“ ~ Stanislaw Jerzy Lec Im Erdkundeunterricht der Sekundarstufe I versuchen wir zu verstehen, wie wir Menschen die Erde verändern und wie diese Veränderungen unser künftiges Leben auf dieser Erde beeinflussen. Auf diese Weise versuchen wir einen Beitrag zur nachhaltigen Entwicklung und zur Zukunftssicherung von Erde &hellip; </p>
<p class="link-more"><a href="https://mpg-do.de/?page_id=6771" class="more-link"><span class="screen-reader-text">„Erdkunde“ </span>weiterlesen</a></p>
