{"id":6775,"date":"2019-09-13T08:53:08","date_gmt":"2019-09-13T06:53:08","guid":{"rendered":"https:\/\/noobserver.de\/?page_id=6775"},"modified":"2022-08-11T19:59:23","modified_gmt":"2022-08-11T17:59:23","slug":"geschichte","status":"publish","type":"page","link":"https:\/\/mpg-do.de\/?page_id=6775","title":{"rendered":"Geschichte"},"content":{"rendered":"<p style=\"text-align: center;\"><strong>\u201eNur wer die Vergangenheit kennt, hat eine Zukunft!\u201c &#8211; Wilhelm von Humboldt<\/strong><\/p>\n<p>Wir lehren im Geschichtsunterricht nicht nur Sachwissen zu historischen Daten und Vorg\u00e4ngen, sondern f\u00f6rdern ihre Kinder, so dass sie die Vergangenheit beurteilen und bewerten und in der Gegenwart reflektiert handeln k\u00f6nnen.<\/p>\n<p>Wir organisieren Exkursionen nach Xanten, zur DASA (Arbeitsweltausstellung) und Steinwache in Dortmund, sowie zum Haus der Geschichte in Bonn.<\/p>\n<p>Eine besondere M\u00f6glichkeit zur F\u00f6rderung der Sch\u00fcler_innen bietet der bilingual deutsch-franz\u00f6sische Geschichtsunterricht ab Klasse 8, durch den sowohl ein bilinguales Abitur, als auch das ABIBAC erreicht werden kann. Mit dem ABIBAC k\u00f6nnen Absolvent_innen des MPG nicht nur an jeder Universit\u00e4t in Deutschland, sondern auch in Frankreich studieren.<\/p>\n<p style=\"text-align: center;\"><b>Geschichte bilingual franz\u00f6sisch \u2013 Histoire bilingue<\/b><\/p>\n<p style=\"text-align: center;\"><b>(\u00dcber)Blick aus verschiedenen Perspektiven \u2013 Regards crois\u00e9s<\/b><\/p>\n<p align=\"justify\">Ganz im Sinne der Entwicklung eines europ\u00e4ischen Geschichtsbewusstseins wird bereits ab Klasse 8 in Geschichte bilingual ein Augenmerk auf das Herz der europ\u00e4ischen Geschichte \u2013 die deutsch-franz\u00f6sische Beziehung, ihre gegenseitige Einfl\u00fcsse und ihren europ\u00e4ischen Kontext \u2013 gelegt. Die Sch\u00fclerinnen und Sch\u00fcler arbeiten im Sachfach Geschichte bilingual sequenzabh\u00e4ngig sowohl mit deutschen als auch mit franz\u00f6sischen Originaltexten (didaktisiert) und lernen mit und an authentischen Materialen sich in der europ\u00e4ischen Geschichte zu orientieren. Neben handlungsorientierten Projekten, wie z.B. dem Erstellen einer Revolutionszeitung von 1789 \u2013 Le Journal r\u00e9volutionnaire 1789 \u2013 werden der Blick f\u00fcr interkulturelle Aspekte gesch\u00e4rft und die Sprechfreude der Sch\u00fclerinnen und Sch\u00fcler weiter gef\u00f6rdert.<\/p>\n<p style=\"text-align: center;\"><strong>Allgemeine Grunds\u00e4tze des Faches<\/strong><\/p>\n<ul>\n<li>Konsequente Ausrichtung an Kompetenzen (Sach-, Methoden-, Urteils- und Handlungskompetenzen); reflektiertes Geschichtsbewusstsein; Bef\u00e4higung zur Teilhabe an Gesellschaft, Wirtschaft und Politik<\/li>\n<li>Aufbau kognitiver, sozial-interaktiver und emotionaler Strukturen<\/li>\n<li>Curriculare Integration des Europagedankens als Inhalt und Perspektive<\/li>\n<\/ul>\n<p style=\"text-align: center;\"><strong>Besondere Schwerpunkte<\/strong><\/p>\n<ul>\n<li>Bilingual deutsch-franz\u00f6sischer Geschichtsunterricht ab Klasse 8 (mit der M\u00f6glichkeit, ein bilinguales Abitur oder das ABIBAC zu erwerben)<\/li>\n<li>Fahrten- und Exkursionskonzept mit folgenden Fahrten:<br \/>Klasse 6 \u2013 Exkursion nach Xanten<br \/>Klasse 8 \u2013 Exkursion zur DASA<br \/>Klasse 9 \u2013 Exkursion zur Steinwache<br \/>Stufe Q2 \u2013 Haus der Geschichte<\/li>\n<li>Individuelle F\u00f6rderung durch Erg\u00e4nzungsstunden in der Klasse 8<\/li>\n<\/ul>\n<hr \/>\n<p>Detaillierte Zusatzinformationen finden Sie hier:<\/p>\n<p>f\u00fcr die Sekundarstufe I:<\/p>\n<ul>\n<li><a href=\"https:\/\/mpg-do.de\/wp-content\/uploads\/2022\/08\/MPG-G9-Curriculum-Sekundarstufe-1-Geschichte.pdf\">schulinternes Curriculum Sekundarstufe I<\/a><\/li>\n<\/ul>\n<p>f\u00fcr die Sekundarstufe II:<\/p>\n<ul>\n<li><a href=\"..\/wp-content\/uploads\/2021\/11\/Lehrplan-MPG-Sek-II-Homepage.pdf\" target=\"_blank\" rel=\"noopener noreferrer\">schulinternes Curriculum Sekundarstufe II<\/a><\/li>\n<li><a href=\"..\/wp-content\/uploads\/2021\/11\/Leistungskonzept-Sek-II.pdf\" target=\"_blank\" rel=\"noopener noreferrer\">Leistungskonzept Sekundarstufe II<\/a><\/li>\n<\/ul>\n\n\n<p class=\"wp-block-paragraph\"><\/p>\n","protected":false},"excerpt":{"rendered":"<p>\u201eNur wer die Vergangenheit kennt, hat eine Zukunft!\u201c &#8211; Wilhelm von Humboldt Wir lehren im Geschichtsunterricht nicht nur Sachwissen zu historischen Daten und Vorg\u00e4ngen, sondern f\u00f6rdern ihre Kinder, so dass sie die Vergangenheit beurteilen und bewerten und in der Gegenwart reflektiert handeln k\u00f6nnen. Wir organisieren Exkursionen nach Xanten, zur DASA (Arbeitsweltausstellung) und Steinwache in Dortmund, &hellip; <\/p>\n<p class=\"link-more\"><a href=\"https:\/\/mpg-do.de\/?page_id=6775\" class=\"more-link\"><span class=\"screen-reader-text\">\u201eGeschichte\u201c <\/span>weiterlesen<\/a><\/p>\n","protected":false},"author":13,"featured_media":0,"parent":458,"menu_order":0,"comment_status":"closed","ping_status":"closed","template":"","meta":{"_crdt_document":"","footnotes":""},"class_list":["post-6775","page","type-page","status-publish","hentry","entry"],"_links":{"self":[{"href":"https:\/\/mpg-do.de\/index.php?rest_route=\/wp\/v2\/pages\/6775","targetHints":{"allow":["GET"]}}],"collection":[{"href":"https:\/\/mpg-do.de\/index.php?rest_route=\/wp\/v2\/pages"}],"about":[{"href":"https:\/\/mpg-do.de\/index.php?rest_route=\/wp\/v2\/types\/page"}],"author":[{"embeddable":true,"href":"https:\/\/mpg-do.de\/index.php?rest_route=\/wp\/v2\/users\/13"}],"replies":[{"embeddable":true,"href":"https:\/\/mpg-do.de\/index.php?rest_route=%2Fwp%2Fv2%2Fcomments&post=6775"}],"version-history":[{"count":10,"href":"https:\/\/mpg-do.de\/index.php?rest_route=\/wp\/v2\/pages\/6775\/revisions"}],"predecessor-version":[{"id":11330,"href":"https:\/\/mpg-do.de\/index.php?rest_route=\/wp\/v2\/pages\/6775\/revisions\/11330"}],"up":[{"embeddable":true,"href":"https:\/\/mpg-do.de\/index.php?rest_route=\/wp\/v2\/pages\/458"}],"wp:attachment":[{"href":"https:\/\/mpg-do.de\/index.php?rest_route=%2Fwp%2Fv2%2Fmedia&parent=6775"}],"curies":[{"name":"wp","href":"https:\/\/api.w.org\/{rel}","templated":true}]}}

<p style="text-align: center;"><strong>„Nur wer die Vergangenheit kennt, hat eine Zukunft!“ &#8211; Wilhelm von Humboldt</strong></p>
<p>Wir lehren im Geschichtsunterricht nicht nur Sachwissen zu historischen Daten und Vorgängen, sondern fördern ihre Kinder, so dass sie die Vergangenheit beurteilen und bewerten und in der Gegenwart reflektiert handeln können.</p>
<p>Wir organisieren Exkursionen nach Xanten, zur DASA (Arbeitsweltausstellung) und Steinwache in Dortmund, sowie zum Haus der Geschichte in Bonn.</p>
<p>Eine besondere Möglichkeit zur Förderung der Schüler_innen bietet der bilingual deutsch-französische Geschichtsunterricht ab Klasse 8, durch den sowohl ein bilinguales Abitur, als auch das ABIBAC erreicht werden kann. Mit dem ABIBAC können Absolvent_innen des MPG nicht nur an jeder Universität in Deutschland, sondern auch in Frankreich studieren.</p>
<p style="text-align: center;"><b>Geschichte bilingual französisch – Histoire bilingue</b></p>
<p style="text-align: center;"><b>(Über)Blick aus verschiedenen Perspektiven – Regards croisés</b></p>
<p align="justify">Ganz im Sinne der Entwicklung eines europäischen Geschichtsbewusstseins wird bereits ab Klasse 8 in Geschichte bilingual ein Augenmerk auf das Herz der europäischen Geschichte – die deutsch-französische Beziehung, ihre gegenseitige Einflüsse und ihren europäischen Kontext – gelegt. Die Schülerinnen und Schüler arbeiten im Sachfach Geschichte bilingual sequenzabhängig sowohl mit deutschen als auch mit französischen Originaltexten (didaktisiert) und lernen mit und an authentischen Materialen sich in der europäischen Geschichte zu orientieren. Neben handlungsorientierten Projekten, wie z.B. dem Erstellen einer Revolutionszeitung von 1789 – Le Journal révolutionnaire 1789 – werden der Blick für interkulturelle Aspekte geschärft und die Sprechfreude der Schülerinnen und Schüler weiter gefördert.</p>
<p style="text-align: center;"><strong>Allgemeine Grundsätze des Faches</strong></p>
<ul>
<li>Konsequente Ausrichtung an Kompetenzen (Sach-, Methoden-, Urteils- und Handlungskompetenzen); reflektiertes Geschichtsbewusstsein; Befähigung zur Teilhabe an Gesellschaft, Wirtschaft und Politik</li>
<li>Aufbau kognitiver, sozial-interaktiver und emotionaler Strukturen</li>
<li>Curriculare Integration des Europagedankens als Inhalt und Perspektive</li>
</ul>
<p style="text-align: center;"><strong>Besondere Schwerpunkte</strong></p>
<ul>
<li>Bilingual deutsch-französischer Geschichtsunterricht ab Klasse 8 (mit der Möglichkeit, ein bilinguales Abitur oder das ABIBAC zu erwerben)</li>
<li>Fahrten- und Exkursionskonzept mit folgenden Fahrten:<br />Klasse 6 – Exkursion nach Xanten<br />Klasse 8 – Exkursion zur DASA<br />Klasse 9 – Exkursion zur Steinwache<br />Stufe Q2 – Haus der Geschichte</li>
<li>Individuelle Förderung durch Ergänzungsstunden in der Klasse 8</li>
</ul>
<hr />
<p>Detaillierte Zusatzinformationen finden Sie hier:</p>
<p>für die Sekundarstufe I:</p>
<ul>
<li><a href="https://mpg-do.de/wp-content/uploads/2022/08/MPG-G9-Curriculum-Sekundarstufe-1-Geschichte.pdf">schulinternes Curriculum Sekundarstufe I</a></li>
</ul>
<p>für die Sekundarstufe II:</p>
<ul>
<li><a href="../wp-content/uploads/2021/11/Lehrplan-MPG-Sek-II-Homepage.pdf" target="_blank" rel="noopener noreferrer">schulinternes Curriculum Sekundarstufe II</a></li>
<li><a href="../wp-content/uploads/2021/11/Leistungskonzept-Sek-II.pdf" target="_blank" rel="noopener noreferrer">Leistungskonzept Sekundarstufe II</a></li>
</ul>


<p class="wp-block-paragraph"></p>

<p>„Nur wer die Vergangenheit kennt, hat eine Zukunft!“ &#8211; Wilhelm von Humboldt Wir lehren im Geschichtsunterricht nicht nur Sachwissen zu historischen Daten und Vorgängen, sondern fördern ihre Kinder, so dass sie die Vergangenheit beurteilen und bewerten und in der Gegenwart reflektiert handeln können. Wir organisieren Exkursionen nach Xanten, zur DASA (Arbeitsweltausstellung) und Steinwache in Dortmund, &hellip; </p>
<p class="link-more"><a href="https://mpg-do.de/?page_id=6775" class="more-link"><span class="screen-reader-text">„Geschichte“ </span>weiterlesen</a></p>
