{"id":6786,"date":"2019-09-13T08:55:59","date_gmt":"2019-09-13T06:55:59","guid":{"rendered":"https:\/\/noobserver.de\/?page_id=6786"},"modified":"2024-11-11T21:41:38","modified_gmt":"2024-11-11T20:41:38","slug":"delf-ag","status":"publish","type":"page","link":"https:\/\/mpg-do.de\/?page_id=6786","title":{"rendered":"DELF-AG"},"content":{"rendered":"<div dir=\"auto\">Die DELF-AG unter der Leitung von Frau Heider beginnt jedes Schuljahr \u00a0in der Woche nach den Herbstferien.<\/div>\n<div dir=\"auto\">Das Niveau A2 wird i. d. R. Dienstag in der 7. Sunde auf die Pr\u00fcfungen vorbereitet.\u00a0 A2 ist f\u00fcr die Klasse 7 im bilingualen Zweig und die Franz\u00f6sischlerner im Jahrgang 8 und 9 geeignet.<\/div>\n<div dir=\"auto\">Die Niveaustufen B1, B2 und C1 finden nach Absprache mit Frau Heider statt.<\/div>\n<div dir=\"auto\">Die jeweilige Vorbereitungskurse dauern bis zu den Pr\u00fcfungsterminen im Januar beziehungsweise Februar an.<\/div>\n<p><b>DELF \/ DALF<\/b><\/p>\n<p><i>Gemeinsamen europ\u00e4ischen Referenzrahmen f\u00fcr Sprachen<\/i>\u00a0(GeR) \u2013 ein f\u00fcr die Bildungsarbeit im Bereich der Fremdsprachen empfohlener Katalog gestufter und standardisierter Kompetenzerwartungen \u2013 gibt es im Bereich DELF \/ DALF 6 unabh\u00e4ngige Diplome (eines f\u00fcr jede Niveaustufe: A1, A2, B1, B2, C1, C2).<\/p>\n<p>Diese\u00a0<b>Diplome<\/b>\u00a0werden durch den\u00a0<b>franz\u00f6sischen Staat\u00a0<\/b>\u00fcber die\u00a0<i><b>Instituts fran\u00e7ais<\/b><\/i>\u00a0f\u00fcr genau definierte Kompetenzen im Umgang mit der franz\u00f6sischen Sprache vergeben, die durch komplexe und vielf\u00e4ltige Aufgabenformen f\u00fcr die vier F\u00e4higkeiten H\u00f6ren, Sprechen, Lesen und Schreiben \u00fcberpr\u00fcft werden.<\/p>\n<p>Traditionell tritt das Max-Planck-Gymnasium f\u00fcr das \u201e<b>DELF scolaire<\/b>\u201c mit einer hohen Zahl an Pr\u00fcflingen an, die meist mit Bravour die Pr\u00fcfungen absolvieren. In speziellen Kursen bereiten wir unsere Sch\u00fclerinnen und Sch\u00fcler gezielt auf diese Pr\u00fcfungen vor.<\/p>\n<p>&gt;Pr\u00fcfungszeitraum ist allj\u00e4hrlich der Januar und Februar.<\/p>\n<p>Anfallende Pr\u00fcfungsgeb\u00fchren werden vom\u00a0<i>Institut fran\u00e7ais<\/i>&lt;\u00a0nur zur Deckung der Kosten erhoben.<\/p>\n<p>Die Pr\u00fcfungen bestehen aus zwei Teilen und finden z.T. bei uns im Haus, z.T. an einem ausw\u00e4rtigen Pr\u00fcfungszentrum (eine Schule in der N\u00e4he) statt. Dort werden sie i.d.R. von franz\u00f6sischen Muttersprachlern abgenommen.<\/p>\n<p>Diese Erfahrung ist f\u00fcr unserer Sch\u00fclerinnen und Sch\u00fcler sehr wertvoll. Sie lernen, mit m\u00fcndlichen Pr\u00fcfungssituationen umzugehen, Strategien zu entwickeln und sie erfahren, dass sie mit ihren kommunikativen F\u00e4higkeiten sogar vor echten Muttersprachlern bestehen k\u00f6nnen.<\/p>\n<p>Alle Franz\u00f6sischlernen unserer Schule sind herzlich eingeladen, sich dieser tollen Herausforderung zu stellen. Vorbereiten k\u00f6nnen wir auf die Niveaustufen A2 (ca. Ende 3. Lernjahr), B1 (ca. 5. Lernjahr) und B2 (Oberstufe).<\/p>\n<p>Ausk\u00fcnfte erteilt Frau Heider (heider@mpg-dortmund.de)<\/p>\n<p>Bon courage!<\/p>\n<p><b>Auf einen Blick<\/b><\/p>\n<table border=\"1\" width=\"647\" cellspacing=\"0\" cellpadding=\"8\" align=\"center\">\n<colgroup>\n<col width=\"91\" \/>\n<col width=\"92\" \/>\n<col width=\"92\" \/>\n<col width=\"92\" \/>\n<col width=\"92\" \/>\n<col width=\"91\" \/><\/colgroup>\n<tbody>\n<tr valign=\"TOP\">\n<td colspan=\"4\" bgcolor=\"#ccffcc\" width=\"414\">\n<p align=\"CENTER\"><span style=\"font-family: Arial, sans-serif;\"><b>DELF<\/b><\/span><\/p>\n<\/td>\n<td colspan=\"2\" bgcolor=\"#ccffcc\" width=\"199\">\n<p align=\"CENTER\"><span style=\"font-family: Arial, sans-serif;\"><b>DALF<\/b><\/span><\/p>\n<\/td>\n<\/tr>\n<tr valign=\"TOP\">\n<td width=\"91\">\n<p align=\"JUSTIFY\"><span style=\"font-family: Arial, sans-serif;\">A1<\/span><\/p>\n<\/td>\n<td width=\"92\">\n<p align=\"JUSTIFY\"><span style=\"font-family: Arial, sans-serif;\">A2<\/span><\/p>\n<\/td>\n<td width=\"92\">\n<p align=\"JUSTIFY\"><span style=\"font-family: Arial, sans-serif;\">B1<\/span><\/p>\n<\/td>\n<td width=\"92\">\n<p align=\"JUSTIFY\"><span style=\"font-family: Arial, sans-serif;\">B2<\/span><\/p>\n<\/td>\n<td width=\"92\">\n<p align=\"JUSTIFY\"><span style=\"font-family: Arial, sans-serif;\">C1<\/span><\/p>\n<\/td>\n<td width=\"91\">\n<p align=\"JUSTIFY\"><span style=\"font-family: Arial, sans-serif;\">C2<\/span><\/p>\n<\/td>\n<\/tr>\n<tr>\n<td colspan=\"6\" valign=\"TOP\" width=\"629\">\n<p align=\"CENTER\"><span style=\"font-family: Arial, sans-serif;\"><b>Pr\u00fcfungsgeb\u00fchren: Tarife Sch\u00fcler<\/b><\/span><\/p>\n<\/td>\n<\/tr>\n<tr valign=\"TOP\">\n<td width=\"91\">\n<p align=\"JUSTIFY\"><span style=\"font-family: Arial, sans-serif;\">22 \u20ac<\/span><\/p>\n<\/td>\n<td width=\"92\">\n<p align=\"JUSTIFY\"><span style=\"font-family: Arial, sans-serif;\">48 \u20ac<\/span><\/p>\n<\/td>\n<td width=\"92\">\n<p align=\"JUSTIFY\"><span style=\"font-family: Arial, sans-serif;\">54 \u20ac<\/span><\/p>\n<\/td>\n<td width=\"92\">\n<p align=\"JUSTIFY\"><span style=\"font-family: Arial, sans-serif;\">72 \u20ac<\/span><\/p>\n<\/td>\n<td width=\"92\">\n<p align=\"JUSTIFY\"><span style=\"font-family: Arial, sans-serif;\">123 \u20ac<\/span><\/p>\n<\/td>\n<td width=\"91\">\n<p align=\"JUSTIFY\"><span style=\"font-family: Arial, sans-serif;\">129 \u20ac<\/span><\/p>\n<\/td>\n<\/tr>\n<tr>\n<td colspan=\"6\" valign=\"TOP\" width=\"629\">\n<p align=\"JUSTIFY\"><span style=\"font-family: Arial, sans-serif;\">2 Pr\u00fcfungsphasen (beide im Zeitraum Januar \/ Februar)<\/span><\/p>\n<p align=\"JUSTIFY\"><span class=\"Apple-style-span\" style=\"font-family: Arial, sans-serif;\">1. (H\u00f6rverstehen, Leseverstehen, schriftliche Produktion)\u00a0<\/span><span class=\"Apple-style-span\" style=\"font-family: Symbol, serif;\">&#8211;\u00a0<\/span><span style=\"font-family: Arial, sans-serif;\">Ort: MPG\u00a0<\/span><\/p>\n<p align=\"JUSTIFY\"><span style=\"font-family: Arial, sans-serif;\">2. M\u00fcndliche Pr\u00fcfung\u00a0\u00a0<\/span><span style=\"font-family: Symbol, serif;\">&#8211;<\/span><span style=\"font-family: Arial, sans-serif;\">\u00a0Ort (ausw\u00e4rtig)<\/span><\/p>\n<\/td>\n<\/tr>\n<\/tbody>\n<\/table>\n<p><span style=\"font-family: Arial, sans-serif;\">Dr. Christian K\u00f6nig<\/span><\/p>\n<p><span style=\"font-family: Arial, sans-serif;\">(Fachschaft Franz\u00f6sisch am MPG)<\/span><\/p>\n","protected":false},"excerpt":{"rendered":"<p>Die DELF-AG unter der Leitung von Frau Heider beginnt jedes Schuljahr \u00a0in der Woche nach den Herbstferien. Das Niveau A2 wird i. d. R. Dienstag in der 7. Sunde auf die Pr\u00fcfungen vorbereitet.\u00a0 A2 ist f\u00fcr die Klasse 7 im bilingualen Zweig und die Franz\u00f6sischlerner im Jahrgang 8 und 9 geeignet. Die Niveaustufen B1, B2 &hellip; <\/p>\n<p class=\"link-more\"><a href=\"https:\/\/mpg-do.de\/?page_id=6786\" class=\"more-link\"><span class=\"screen-reader-text\">\u201eDELF-AG\u201c <\/span>weiterlesen<\/a><\/p>\n","protected":false},"author":11,"featured_media":2027,"parent":679,"menu_order":0,"comment_status":"closed","ping_status":"closed","template":"","meta":{"_crdt_document":"","footnotes":""},"class_list":["post-6786","page","type-page","status-publish","has-post-thumbnail","hentry","entry"],"_links":{"self":[{"href":"https:\/\/mpg-do.de\/index.php?rest_route=\/wp\/v2\/pages\/6786","targetHints":{"allow":["GET"]}}],"collection":[{"href":"https:\/\/mpg-do.de\/index.php?rest_route=\/wp\/v2\/pages"}],"about":[{"href":"https:\/\/mpg-do.de\/index.php?rest_route=\/wp\/v2\/types\/page"}],"author":[{"embeddable":true,"href":"https:\/\/mpg-do.de\/index.php?rest_route=\/wp\/v2\/users\/11"}],"replies":[{"embeddable":true,"href":"https:\/\/mpg-do.de\/index.php?rest_route=%2Fwp%2Fv2%2Fcomments&post=6786"}],"version-history":[{"count":5,"href":"https:\/\/mpg-do.de\/index.php?rest_route=\/wp\/v2\/pages\/6786\/revisions"}],"predecessor-version":[{"id":13660,"href":"https:\/\/mpg-do.de\/index.php?rest_route=\/wp\/v2\/pages\/6786\/revisions\/13660"}],"up":[{"embeddable":true,"href":"https:\/\/mpg-do.de\/index.php?rest_route=\/wp\/v2\/pages\/679"}],"wp:featuredmedia":[{"embeddable":true,"href":"https:\/\/mpg-do.de\/index.php?rest_route=\/wp\/v2\/media\/2027"}],"wp:attachment":[{"href":"https:\/\/mpg-do.de\/index.php?rest_route=%2Fwp%2Fv2%2Fmedia&parent=6786"}],"curies":[{"name":"wp","href":"https:\/\/api.w.org\/{rel}","templated":true}]}}

<div dir="auto">Die DELF-AG unter der Leitung von Frau Heider beginnt jedes Schuljahr  in der Woche nach den Herbstferien.</div>
<div dir="auto">Das Niveau A2 wird i. d. R. Dienstag in der 7. Sunde auf die Prüfungen vorbereitet.  A2 ist für die Klasse 7 im bilingualen Zweig und die Französischlerner im Jahrgang 8 und 9 geeignet.</div>
<div dir="auto">Die Niveaustufen B1, B2 und C1 finden nach Absprache mit Frau Heider statt.</div>
<div dir="auto">Die jeweilige Vorbereitungskurse dauern bis zu den Prüfungsterminen im Januar beziehungsweise Februar an.</div>
<p><b>DELF / DALF</b></p>
<p><i>Gemeinsamen europäischen Referenzrahmen für Sprachen</i> (GeR) – ein für die Bildungsarbeit im Bereich der Fremdsprachen empfohlener Katalog gestufter und standardisierter Kompetenzerwartungen – gibt es im Bereich DELF / DALF 6 unabhängige Diplome (eines für jede Niveaustufe: A1, A2, B1, B2, C1, C2).</p>
<p>Diese <b>Diplome</b> werden durch den <b>französischen Staat </b>über die <i><b>Instituts français</b></i> für genau definierte Kompetenzen im Umgang mit der französischen Sprache vergeben, die durch komplexe und vielfältige Aufgabenformen für die vier Fähigkeiten Hören, Sprechen, Lesen und Schreiben überprüft werden.</p>
<p>Traditionell tritt das Max-Planck-Gymnasium für das „<b>DELF scolaire</b>“ mit einer hohen Zahl an Prüflingen an, die meist mit Bravour die Prüfungen absolvieren. In speziellen Kursen bereiten wir unsere Schülerinnen und Schüler gezielt auf diese Prüfungen vor.</p>
<p>&gt;Prüfungszeitraum ist alljährlich der Januar und Februar.</p>
<p>Anfallende Prüfungsgebühren werden vom <i>Institut français</i>&lt; nur zur Deckung der Kosten erhoben.</p>
<p>Die Prüfungen bestehen aus zwei Teilen und finden z.T. bei uns im Haus, z.T. an einem auswärtigen Prüfungszentrum (eine Schule in der Nähe) statt. Dort werden sie i.d.R. von französischen Muttersprachlern abgenommen.</p>
<p>Diese Erfahrung ist für unserer Schülerinnen und Schüler sehr wertvoll. Sie lernen, mit mündlichen Prüfungssituationen umzugehen, Strategien zu entwickeln und sie erfahren, dass sie mit ihren kommunikativen Fähigkeiten sogar vor echten Muttersprachlern bestehen können.</p>
<p>Alle Französischlernen unserer Schule sind herzlich eingeladen, sich dieser tollen Herausforderung zu stellen. Vorbereiten können wir auf die Niveaustufen A2 (ca. Ende 3. Lernjahr), B1 (ca. 5. Lernjahr) und B2 (Oberstufe).</p>
<p>Auskünfte erteilt Frau Heider (heider@mpg-dortmund.de)</p>
<p>Bon courage!</p>
<p><b>Auf einen Blick</b></p>
<table border="1" width="647" cellspacing="0" cellpadding="8" align="center">
<colgroup>
<col width="91" />
<col width="92" />
<col width="92" />
<col width="92" />
<col width="92" />
<col width="91" /></colgroup>
<tbody>
<tr valign="TOP">
<td colspan="4" bgcolor="#ccffcc" width="414">
<p align="CENTER"><span style="font-family: Arial, sans-serif;"><b>DELF</b></span></p>
</td>
<td colspan="2" bgcolor="#ccffcc" width="199">
<p align="CENTER"><span style="font-family: Arial, sans-serif;"><b>DALF</b></span></p>
</td>
</tr>
<tr valign="TOP">
<td width="91">
<p align="JUSTIFY"><span style="font-family: Arial, sans-serif;">A1</span></p>
</td>
<td width="92">
<p align="JUSTIFY"><span style="font-family: Arial, sans-serif;">A2</span></p>
</td>
<td width="92">
<p align="JUSTIFY"><span style="font-family: Arial, sans-serif;">B1</span></p>
</td>
<td width="92">
<p align="JUSTIFY"><span style="font-family: Arial, sans-serif;">B2</span></p>
</td>
<td width="92">
<p align="JUSTIFY"><span style="font-family: Arial, sans-serif;">C1</span></p>
</td>
<td width="91">
<p align="JUSTIFY"><span style="font-family: Arial, sans-serif;">C2</span></p>
</td>
</tr>
<tr>
<td colspan="6" valign="TOP" width="629">
<p align="CENTER"><span style="font-family: Arial, sans-serif;"><b>Prüfungsgebühren: Tarife Schüler</b></span></p>
</td>
</tr>
<tr valign="TOP">
<td width="91">
<p align="JUSTIFY"><span style="font-family: Arial, sans-serif;">22 €</span></p>
</td>
<td width="92">
<p align="JUSTIFY"><span style="font-family: Arial, sans-serif;">48 €</span></p>
</td>
<td width="92">
<p align="JUSTIFY"><span style="font-family: Arial, sans-serif;">54 €</span></p>
</td>
<td width="92">
<p align="JUSTIFY"><span style="font-family: Arial, sans-serif;">72 €</span></p>
</td>
<td width="92">
<p align="JUSTIFY"><span style="font-family: Arial, sans-serif;">123 €</span></p>
</td>
<td width="91">
<p align="JUSTIFY"><span style="font-family: Arial, sans-serif;">129 €</span></p>
</td>
</tr>
<tr>
<td colspan="6" valign="TOP" width="629">
<p align="JUSTIFY"><span style="font-family: Arial, sans-serif;">2 Prüfungsphasen (beide im Zeitraum Januar / Februar)</span></p>
<p align="JUSTIFY"><span class="Apple-style-span" style="font-family: Arial, sans-serif;">1. (Hörverstehen, Leseverstehen, schriftliche Produktion) </span><span class="Apple-style-span" style="font-family: Symbol, serif;">&#8211; </span><span style="font-family: Arial, sans-serif;">Ort: MPG </span></p>
<p align="JUSTIFY"><span style="font-family: Arial, sans-serif;">2. Mündliche Prüfung  </span><span style="font-family: Symbol, serif;">&#8211;</span><span style="font-family: Arial, sans-serif;"> Ort (auswärtig)</span></p>
</td>
</tr>
</tbody>
</table>
<p><span style="font-family: Arial, sans-serif;">Dr. Christian König</span></p>
<p><span style="font-family: Arial, sans-serif;">(Fachschaft Französisch am MPG)</span></p>

<p>Die DELF-AG unter der Leitung von Frau Heider beginnt jedes Schuljahr  in der Woche nach den Herbstferien. Das Niveau A2 wird i. d. R. Dienstag in der 7. Sunde auf die Prüfungen vorbereitet.  A2 ist für die Klasse 7 im bilingualen Zweig und die Französischlerner im Jahrgang 8 und 9 geeignet. Die Niveaustufen B1, B2 &hellip; </p>
<p class="link-more"><a href="https://mpg-do.de/?page_id=6786" class="more-link"><span class="screen-reader-text">„DELF-AG“ </span>weiterlesen</a></p>
