{"id":6805,"date":"2019-09-13T09:01:56","date_gmt":"2019-09-13T07:01:56","guid":{"rendered":"https:\/\/noobserver.de\/?page_id=6805"},"modified":"2026-02-04T10:46:42","modified_gmt":"2026-02-04T09:46:42","slug":"deutsch","status":"publish","type":"page","link":"https:\/\/mpg-do.de\/?page_id=6805","title":{"rendered":"Deutsch"},"content":{"rendered":"<blockquote><p>Von allen Welten, die der Mensch erschaffen hat, ist die der B\u00fccher die gewaltigste. &#8211; Heinrich Heine<\/p><\/blockquote>\n<p>Die Auseinandersetzung mit Literatur in all ihren Formen, von Goethes \u201eFaust\u201c bis Herrndorfs \u201eTschick\u201c, geh\u00f6rt sicherlich zu den Schl\u00fcsselaufgaben in unserem Fach. Aber uns, der Fachschaft Deutsch am MPG, geht es grunds\u00e4tzlich um viel mehr: Wir m\u00f6chten Ihrem Kind dabei helfen, in der Auseinandersetzung mit vielf\u00e4ltigen und unterschiedlichen Texten, Medien sowie Sprech- und Schreibanl\u00e4ssen zu einer selbstst\u00e4ndigen, kritischen und sprachlich kompetenten Pers\u00f6nlichkeit zu werden, d.h. zu einer Pers\u00f6nlichkeit,<\/p>\n<ul>\n<li>die einen klassischen Roman in Buchform genauso sicher erfassen kann wie einen gesellschaftskritischen Blog auf dem Smartphone,<\/li>\n<li>die Brechts Dramentheorie so kritisch reflektieren kann wie den gerade angesagtesten YouTube-Kanal und<\/li>\n<li>die in der Lage ist, ihre eigenen Gedanken und kreativen Ideen sprachlich sicher, angemessen und klar zu formulieren.<\/li>\n<\/ul>\n<p>Dazu bieten wir unterst\u00fctzend u.a. eine gezielte sprachliche Diagnose und F\u00f6rderung in den zus\u00e4tzlichen Erg\u00e4nzungsstunden in der 5. und 6. Klasse, das verbindliche Zeitungsprojekt (ZEUS) einer lokalen Tageszeitung in der 8. Klasse, gemeinsame Theaterbesuche sowie die Teilnahme an verschiedenen Wettbewerben (z.B. Vorlesewettbewerb des deutschen Buchhandels und Jugend debattiert) an.<\/p>\n<hr \/>\n<p>Detaillierte Zusatzinformationen finden Sie hier:<\/p>\n<p><a href=\"..\/wp-content\/uploads\/2023\/11\/Deutsch-G9-Klasse-5.pdf\" target=\"_blank\" rel=\"noopener noreferrer\">Curriculum Kl. 5<\/a><br \/>\n<a href=\"..\/wp-content\/uploads\/2023\/11\/Deutsch-G9-Klasse-6.pdf\" target=\"_blank\" rel=\"noopener noreferrer\">Curriculum Kl. 6<\/a><br \/>\n<a href=\"..\/wp-content\/uploads\/2023\/11\/Deutsch-G9-Klasse-7.pdf\" target=\"_blank\" rel=\"noopener noreferrer\">Curriculum Kl. 7<\/a><br \/>\n<a href=\"..\/wp-content\/uploads\/2023\/11\/Deutsch-G9-Klasse-8.pdf\" target=\"_blank\" rel=\"noopener noreferrer\">Curriculum Kl. 8<\/a><br \/>\n<a href=\"..\/wp-content\/uploads\/2023\/11\/Deutsch-G9-Klasse-9.pdf\" target=\"_blank\" rel=\"noopener noreferrer\">Curriculum Kl. 9<\/a><br \/>\n<a href=\"..\/wp-content\/uploads\/2023\/11\/Deutsch-G9-Klasse-10.pdf\" target=\"_blank\" rel=\"noopener noreferrer\">Curriculum Kl. 10<\/a><br \/>\n<a href=\"..\/wp-content\/uploads\/2026\/02\/EF_Deutsch_Curriulum.pdf\" target=\"_blank\" rel=\"noopener noreferrer\">Curriculum EF<\/a><br \/>\n<a href=\"..\/wp-content\/uploads\/2025\/11\/GK_Deutsch_Q1_Curriculum.pdf\" target=\"_blank\" rel=\"noopener noreferrer\">Curriculum Q1 GK<\/a><br \/>\n<a href=\"..\/wp-content\/uploads\/2025\/11\/LK_Deutsch_Q1_Curriculum.pdf\" target=\"_blank\" rel=\"noopener noreferrer\">Curriculum Q1 LK<\/a><br \/>\n<a href=\"..\/wp-content\/uploads\/2025\/11\/Leistungskonzept-fuer-das-Fach-Deutsch.pdf\" target=\"_blank\" rel=\"noopener noreferrer\">Leistungskonzept f\u00fcr das Fach Deutsch<\/a><\/p>\n<p><a href=\"..\/?page_id=11814\">Wettbewerb im Fach Deutsch: Jugend debattiert<\/a><\/p>\n","protected":false},"excerpt":{"rendered":"<p>Von allen Welten, die der Mensch erschaffen hat, ist die der B\u00fccher die gewaltigste. &#8211; Heinrich Heine Die Auseinandersetzung mit Literatur in all ihren Formen, von Goethes \u201eFaust\u201c bis Herrndorfs \u201eTschick\u201c, geh\u00f6rt sicherlich zu den Schl\u00fcsselaufgaben in unserem Fach. Aber uns, der Fachschaft Deutsch am MPG, geht es grunds\u00e4tzlich um viel mehr: Wir m\u00f6chten Ihrem &hellip; <\/p>\n<p class=\"link-more\"><a href=\"https:\/\/mpg-do.de\/?page_id=6805\" class=\"more-link\"><span class=\"screen-reader-text\">\u201eDeutsch\u201c <\/span>weiterlesen<\/a><\/p>\n","protected":false},"author":13,"featured_media":0,"parent":458,"menu_order":0,"comment_status":"closed","ping_status":"closed","template":"","meta":{"_crdt_document":"","footnotes":""},"class_list":["post-6805","page","type-page","status-publish","hentry","entry"],"_links":{"self":[{"href":"https:\/\/mpg-do.de\/index.php?rest_route=\/wp\/v2\/pages\/6805","targetHints":{"allow":["GET"]}}],"collection":[{"href":"https:\/\/mpg-do.de\/index.php?rest_route=\/wp\/v2\/pages"}],"about":[{"href":"https:\/\/mpg-do.de\/index.php?rest_route=\/wp\/v2\/types\/page"}],"author":[{"embeddable":true,"href":"https:\/\/mpg-do.de\/index.php?rest_route=\/wp\/v2\/users\/13"}],"replies":[{"embeddable":true,"href":"https:\/\/mpg-do.de\/index.php?rest_route=%2Fwp%2Fv2%2Fcomments&post=6805"}],"version-history":[{"count":15,"href":"https:\/\/mpg-do.de\/index.php?rest_route=\/wp\/v2\/pages\/6805\/revisions"}],"predecessor-version":[{"id":14780,"href":"https:\/\/mpg-do.de\/index.php?rest_route=\/wp\/v2\/pages\/6805\/revisions\/14780"}],"up":[{"embeddable":true,"href":"https:\/\/mpg-do.de\/index.php?rest_route=\/wp\/v2\/pages\/458"}],"wp:attachment":[{"href":"https:\/\/mpg-do.de\/index.php?rest_route=%2Fwp%2Fv2%2Fmedia&parent=6805"}],"curies":[{"name":"wp","href":"https:\/\/api.w.org\/{rel}","templated":true}]}}

<blockquote><p>Von allen Welten, die der Mensch erschaffen hat, ist die der Bücher die gewaltigste. &#8211; Heinrich Heine</p></blockquote>
<p>Die Auseinandersetzung mit Literatur in all ihren Formen, von Goethes „Faust“ bis Herrndorfs „Tschick“, gehört sicherlich zu den Schlüsselaufgaben in unserem Fach. Aber uns, der Fachschaft Deutsch am MPG, geht es grundsätzlich um viel mehr: Wir möchten Ihrem Kind dabei helfen, in der Auseinandersetzung mit vielfältigen und unterschiedlichen Texten, Medien sowie Sprech- und Schreibanlässen zu einer selbstständigen, kritischen und sprachlich kompetenten Persönlichkeit zu werden, d.h. zu einer Persönlichkeit,</p>
<ul>
<li>die einen klassischen Roman in Buchform genauso sicher erfassen kann wie einen gesellschaftskritischen Blog auf dem Smartphone,</li>
<li>die Brechts Dramentheorie so kritisch reflektieren kann wie den gerade angesagtesten YouTube-Kanal und</li>
<li>die in der Lage ist, ihre eigenen Gedanken und kreativen Ideen sprachlich sicher, angemessen und klar zu formulieren.</li>
</ul>
<p>Dazu bieten wir unterstützend u.a. eine gezielte sprachliche Diagnose und Förderung in den zusätzlichen Ergänzungsstunden in der 5. und 6. Klasse, das verbindliche Zeitungsprojekt (ZEUS) einer lokalen Tageszeitung in der 8. Klasse, gemeinsame Theaterbesuche sowie die Teilnahme an verschiedenen Wettbewerben (z.B. Vorlesewettbewerb des deutschen Buchhandels und Jugend debattiert) an.</p>
<hr />
<p>Detaillierte Zusatzinformationen finden Sie hier:</p>
<p><a href="../wp-content/uploads/2023/11/Deutsch-G9-Klasse-5.pdf" target="_blank" rel="noopener noreferrer">Curriculum Kl. 5</a><br />
<a href="../wp-content/uploads/2023/11/Deutsch-G9-Klasse-6.pdf" target="_blank" rel="noopener noreferrer">Curriculum Kl. 6</a><br />
<a href="../wp-content/uploads/2023/11/Deutsch-G9-Klasse-7.pdf" target="_blank" rel="noopener noreferrer">Curriculum Kl. 7</a><br />
<a href="../wp-content/uploads/2023/11/Deutsch-G9-Klasse-8.pdf" target="_blank" rel="noopener noreferrer">Curriculum Kl. 8</a><br />
<a href="../wp-content/uploads/2023/11/Deutsch-G9-Klasse-9.pdf" target="_blank" rel="noopener noreferrer">Curriculum Kl. 9</a><br />
<a href="../wp-content/uploads/2023/11/Deutsch-G9-Klasse-10.pdf" target="_blank" rel="noopener noreferrer">Curriculum Kl. 10</a><br />
<a href="../wp-content/uploads/2026/02/EF_Deutsch_Curriulum.pdf" target="_blank" rel="noopener noreferrer">Curriculum EF</a><br />
<a href="../wp-content/uploads/2025/11/GK_Deutsch_Q1_Curriculum.pdf" target="_blank" rel="noopener noreferrer">Curriculum Q1 GK</a><br />
<a href="../wp-content/uploads/2025/11/LK_Deutsch_Q1_Curriculum.pdf" target="_blank" rel="noopener noreferrer">Curriculum Q1 LK</a><br />
<a href="../wp-content/uploads/2025/11/Leistungskonzept-fuer-das-Fach-Deutsch.pdf" target="_blank" rel="noopener noreferrer">Leistungskonzept für das Fach Deutsch</a></p>
<p><a href="../?page_id=11814">Wettbewerb im Fach Deutsch: Jugend debattiert</a></p>

<p>Von allen Welten, die der Mensch erschaffen hat, ist die der Bücher die gewaltigste. &#8211; Heinrich Heine Die Auseinandersetzung mit Literatur in all ihren Formen, von Goethes „Faust“ bis Herrndorfs „Tschick“, gehört sicherlich zu den Schlüsselaufgaben in unserem Fach. Aber uns, der Fachschaft Deutsch am MPG, geht es grundsätzlich um viel mehr: Wir möchten Ihrem &hellip; </p>
<p class="link-more"><a href="https://mpg-do.de/?page_id=6805" class="more-link"><span class="screen-reader-text">„Deutsch“ </span>weiterlesen</a></p>
