{"id":6809,"date":"2019-09-13T09:03:43","date_gmt":"2019-09-13T07:03:43","guid":{"rendered":"https:\/\/noobserver.de\/?page_id=6809"},"modified":"2026-02-16T18:09:40","modified_gmt":"2026-02-16T17:09:40","slug":"chor","status":"publish","type":"page","link":"https:\/\/mpg-do.de\/?page_id=6809","title":{"rendered":"Chor"},"content":{"rendered":"<p>Der Chor-AG unter der Leitung von Frau Bald und Herrn Sommer trifft sich montags um 13.30 Uhr im Musiraum 1. Sie ist f\u00fcr Sch\u00fcler_innen aller Jahrgangsstufen ge\u00f6ffnet.<\/p>\n<p>Der Schulchor besteht seit dem Jahre 1985. Der Vokalpraktische Kurs der Jg. Q1 ist Bestandteil des Schulchores und wurde ins Leben gerufen, um den Chor zu verst\u00e4rken. Nichtsdestotrotz kann eine solide Basis nur durch eine m\u00f6glichst hohe Zahl von freiwilligen Mitgliedern des Chores gebildet werden, die durch eine langj\u00e4hrige aktive Mitgliedschaft allm\u00e4hlich \u00fcber einen unverzichtbaren Erfahrungsschatz verf\u00fcgen. So sind Chors\u00e4ngerinnen und -s\u00e4nger bereits <strong>ab der 5. Klasse herzlich willkommen.<\/strong><\/p>\n<p>Das Programm richtet sich naturgem\u00e4\u00df nach den Anl\u00e4ssen der Auftritte.<\/p>\n<p>So wird im 1. Halbjahr auf das <strong>Weihnachtskonzert <\/strong>hingearbeitet. Hierzu werden klassische, geistliche und weihnachtliche Werke vorbereitet.<\/p>\n<p>Das <strong>Sommerkonzert <\/strong>ist seit vielen Jahren ein ausgesprochenes Popkonzert geworden. Hier wird ausnahmslos Popmusik aufgef\u00fchrt. Dementsprechend werden im Chor im 2. Halbjahr ausschlie\u00dflich Songs aus Musical und Pop, aber auch Spirituals und Gospels erarbeitet.<\/p>\n<p>Um in den Chor aufgenommen zu werden, ben\u00f6tigt man <strong>keinerlei Notenkenntnis<\/strong>! Aber man sollte gerne singen, einen Ton richtig nachsingen k\u00f6nnen und zuverl\u00e4ssig sein.<\/p>\n<p><a href=\"..\/?tag=chor\">Berichte zum Schulchor<\/a><\/p>\n","protected":false},"excerpt":{"rendered":"<p>Der Chor-AG unter der Leitung von Frau Bald und Herrn Sommer trifft sich montags um 13.30 Uhr im Musiraum 1. Sie ist f\u00fcr Sch\u00fcler_innen aller Jahrgangsstufen ge\u00f6ffnet. Der Schulchor besteht seit dem Jahre 1985. Der Vokalpraktische Kurs der Jg. Q1 ist Bestandteil des Schulchores und wurde ins Leben gerufen, um den Chor zu verst\u00e4rken. Nichtsdestotrotz &hellip; <\/p>\n<p class=\"link-more\"><a href=\"https:\/\/mpg-do.de\/?page_id=6809\" class=\"more-link\"><span class=\"screen-reader-text\">\u201eChor\u201c <\/span>weiterlesen<\/a><\/p>\n","protected":false},"author":11,"featured_media":1013,"parent":679,"menu_order":0,"comment_status":"closed","ping_status":"closed","template":"","meta":{"_crdt_document":"","footnotes":""},"class_list":["post-6809","page","type-page","status-publish","has-post-thumbnail","hentry","entry"],"_links":{"self":[{"href":"https:\/\/mpg-do.de\/index.php?rest_route=\/wp\/v2\/pages\/6809","targetHints":{"allow":["GET"]}}],"collection":[{"href":"https:\/\/mpg-do.de\/index.php?rest_route=\/wp\/v2\/pages"}],"about":[{"href":"https:\/\/mpg-do.de\/index.php?rest_route=\/wp\/v2\/types\/page"}],"author":[{"embeddable":true,"href":"https:\/\/mpg-do.de\/index.php?rest_route=\/wp\/v2\/users\/11"}],"replies":[{"embeddable":true,"href":"https:\/\/mpg-do.de\/index.php?rest_route=%2Fwp%2Fv2%2Fcomments&post=6809"}],"version-history":[{"count":6,"href":"https:\/\/mpg-do.de\/index.php?rest_route=\/wp\/v2\/pages\/6809\/revisions"}],"predecessor-version":[{"id":14837,"href":"https:\/\/mpg-do.de\/index.php?rest_route=\/wp\/v2\/pages\/6809\/revisions\/14837"}],"up":[{"embeddable":true,"href":"https:\/\/mpg-do.de\/index.php?rest_route=\/wp\/v2\/pages\/679"}],"wp:featuredmedia":[{"embeddable":true,"href":"https:\/\/mpg-do.de\/index.php?rest_route=\/wp\/v2\/media\/1013"}],"wp:attachment":[{"href":"https:\/\/mpg-do.de\/index.php?rest_route=%2Fwp%2Fv2%2Fmedia&parent=6809"}],"curies":[{"name":"wp","href":"https:\/\/api.w.org\/{rel}","templated":true}]}}

<p>Der Chor-AG unter der Leitung von Frau Bald und Herrn Sommer trifft sich montags um 13.30 Uhr im Musiraum 1. Sie ist für Schüler_innen aller Jahrgangsstufen geöffnet.</p>
<p>Der Schulchor besteht seit dem Jahre 1985. Der Vokalpraktische Kurs der Jg. Q1 ist Bestandteil des Schulchores und wurde ins Leben gerufen, um den Chor zu verstärken. Nichtsdestotrotz kann eine solide Basis nur durch eine möglichst hohe Zahl von freiwilligen Mitgliedern des Chores gebildet werden, die durch eine langjährige aktive Mitgliedschaft allmählich über einen unverzichtbaren Erfahrungsschatz verfügen. So sind Chorsängerinnen und -sänger bereits <strong>ab der 5. Klasse herzlich willkommen.</strong></p>
<p>Das Programm richtet sich naturgemäß nach den Anlässen der Auftritte.</p>
<p>So wird im 1. Halbjahr auf das <strong>Weihnachtskonzert </strong>hingearbeitet. Hierzu werden klassische, geistliche und weihnachtliche Werke vorbereitet.</p>
<p>Das <strong>Sommerkonzert </strong>ist seit vielen Jahren ein ausgesprochenes Popkonzert geworden. Hier wird ausnahmslos Popmusik aufgeführt. Dementsprechend werden im Chor im 2. Halbjahr ausschließlich Songs aus Musical und Pop, aber auch Spirituals und Gospels erarbeitet.</p>
<p>Um in den Chor aufgenommen zu werden, benötigt man <strong>keinerlei Notenkenntnis</strong>! Aber man sollte gerne singen, einen Ton richtig nachsingen können und zuverlässig sein.</p>
<p><a href="../?tag=chor">Berichte zum Schulchor</a></p>

<p>Der Chor-AG unter der Leitung von Frau Bald und Herrn Sommer trifft sich montags um 13.30 Uhr im Musiraum 1. Sie ist für Schüler_innen aller Jahrgangsstufen geöffnet. Der Schulchor besteht seit dem Jahre 1985. Der Vokalpraktische Kurs der Jg. Q1 ist Bestandteil des Schulchores und wurde ins Leben gerufen, um den Chor zu verstärken. Nichtsdestotrotz &hellip; </p>
<p class="link-more"><a href="https://mpg-do.de/?page_id=6809" class="more-link"><span class="screen-reader-text">„Chor“ </span>weiterlesen</a></p>
