{"id":6833,"date":"2019-09-13T09:13:34","date_gmt":"2019-09-13T07:13:34","guid":{"rendered":"https:\/\/noobserver.de\/?page_id=6833"},"modified":"2024-09-05T08:38:03","modified_gmt":"2024-09-05T06:38:03","slug":"handball","status":"publish","type":"page","link":"https:\/\/mpg-do.de\/?page_id=6833","title":{"rendered":"Handball"},"content":{"rendered":"<p>Die Handball-AG unter der Leitung von Herrn Burbaum trifft sich montags nach der 6. Stunde in der MPG-Halle 1. Sie ist f\u00fcr Sch\u00fcler_innen der Jahrgangsstufen 5-7 ge\u00f6ffnet.<\/p>\n<p><a href=\"..\/?tag=handball\">Berichte zur Handball-AG<\/a><\/p>\n","protected":false},"excerpt":{"rendered":"<p>Die Handball-AG unter der Leitung von Herrn Burbaum trifft sich montags nach der 6. Stunde in der MPG-Halle 1. Sie ist f\u00fcr Sch\u00fcler_innen der Jahrgangsstufen 5-7 ge\u00f6ffnet. Berichte zur Handball-AG<\/p>\n","protected":false},"author":11,"featured_media":2692,"parent":679,"menu_order":0,"comment_status":"closed","ping_status":"closed","template":"","meta":{"_crdt_document":"","footnotes":""},"class_list":["post-6833","page","type-page","status-publish","has-post-thumbnail","hentry","entry"],"_links":{"self":[{"href":"https:\/\/mpg-do.de\/index.php?rest_route=\/wp\/v2\/pages\/6833","targetHints":{"allow":["GET"]}}],"collection":[{"href":"https:\/\/mpg-do.de\/index.php?rest_route=\/wp\/v2\/pages"}],"about":[{"href":"https:\/\/mpg-do.de\/index.php?rest_route=\/wp\/v2\/types\/page"}],"author":[{"embeddable":true,"href":"https:\/\/mpg-do.de\/index.php?rest_route=\/wp\/v2\/users\/11"}],"replies":[{"embeddable":true,"href":"https:\/\/mpg-do.de\/index.php?rest_route=%2Fwp%2Fv2%2Fcomments&post=6833"}],"version-history":[{"count":5,"href":"https:\/\/mpg-do.de\/index.php?rest_route=\/wp\/v2\/pages\/6833\/revisions"}],"predecessor-version":[{"id":13513,"href":"https:\/\/mpg-do.de\/index.php?rest_route=\/wp\/v2\/pages\/6833\/revisions\/13513"}],"up":[{"embeddable":true,"href":"https:\/\/mpg-do.de\/index.php?rest_route=\/wp\/v2\/pages\/679"}],"wp:featuredmedia":[{"embeddable":true,"href":"https:\/\/mpg-do.de\/index.php?rest_route=\/wp\/v2\/media\/2692"}],"wp:attachment":[{"href":"https:\/\/mpg-do.de\/index.php?rest_route=%2Fwp%2Fv2%2Fmedia&parent=6833"}],"curies":[{"name":"wp","href":"https:\/\/api.w.org\/{rel}","templated":true}]}}

<p>Die Handball-AG unter der Leitung von Herrn Burbaum trifft sich montags nach der 6. Stunde in der MPG-Halle 1. Sie ist für Schüler_innen der Jahrgangsstufen 5-7 geöffnet.</p>
<p><a href="../?tag=handball">Berichte zur Handball-AG</a></p>

<p>Die Handball-AG unter der Leitung von Herrn Burbaum trifft sich montags nach der 6. Stunde in der MPG-Halle 1. Sie ist für Schüler_innen der Jahrgangsstufen 5-7 geöffnet. Berichte zur Handball-AG</p>
