{"id":6834,"date":"2019-09-13T09:14:03","date_gmt":"2019-09-13T07:14:03","guid":{"rendered":"https:\/\/noobserver.de\/?page_id=6834"},"modified":"2026-01-22T10:13:38","modified_gmt":"2026-01-22T09:13:38","slug":"informatik","status":"publish","type":"page","link":"https:\/\/mpg-do.de\/?page_id=6834","title":{"rendered":"Informatik"},"content":{"rendered":"<figure id=\"attachment_12727\" aria-describedby=\"caption-attachment-12727\" style=\"width: 640px\" class=\"wp-caption aligncenter\"><img loading=\"lazy\" decoding=\"async\" class=\"size-large wp-image-12727\" src=\"https:\/\/mpg-do.de\/wp-content\/uploads\/2023\/10\/PCRaum06-1067x600.jpg\" alt=\"Informatikraum\" width=\"640\" height=\"360\" srcset=\"https:\/\/mpg-do.de\/wp-content\/uploads\/2023\/10\/PCRaum06-1067x600.jpg 1067w, https:\/\/mpg-do.de\/wp-content\/uploads\/2023\/10\/PCRaum06-300x169.jpg 300w, https:\/\/mpg-do.de\/wp-content\/uploads\/2023\/10\/PCRaum06-768x432.jpg 768w, https:\/\/mpg-do.de\/wp-content\/uploads\/2023\/10\/PCRaum06-1536x864.jpg 1536w, https:\/\/mpg-do.de\/wp-content\/uploads\/2023\/10\/PCRaum06-64x36.jpg 64w, https:\/\/mpg-do.de\/wp-content\/uploads\/2023\/10\/PCRaum06-1568x882.jpg 1568w, https:\/\/mpg-do.de\/wp-content\/uploads\/2023\/10\/PCRaum06-1320x743.jpg 1320w, https:\/\/mpg-do.de\/wp-content\/uploads\/2023\/10\/PCRaum06.jpg 1600w\" sizes=\"auto, (max-width: 640px) 100vw, 640px\" \/><figcaption id=\"caption-attachment-12727\" class=\"wp-caption-text\">Informatikraum<\/figcaption><\/figure>\n<p>&nbsp;<\/p>\n<p>Informatik ist eine wesentliche Schl\u00fcsseltechnologie im 21. Jahrhundert. Damit Ihr Kind auf das Zeitalter der Digitalisierung vorbereitet wird, f\u00f6rdern wir den Umgang und das Verst\u00e4ndnis von unterschiedlichen Informatiksystemen.<\/p>\n<p>Wir m\u00f6chten, dass Ihr Kind die digitale Welt nicht nur konsumiert und Apps bedient, sondern versteht, wie Daten strukturiert werden, wie Programme funktionieren und welche Auswirkungen die Informatik auf den Menschen und die Gesellschaft hat.<\/p>\n<p>Alle Sch\u00fcler_innen haben in der 6. Klasse zweist\u00fcndigen Informatikunterricht, der sowohl informatische Grundlagen zu Themen wie digitalem Informationsaustausch, Codierungen als auch das praktische Programmieren mit der visuellen Programmiersprache Scratch vermittelt werden. Dazu wird ab dem Schuljahr 2022\/23 das Schulbuch \u201eCornelsen Informatik 5\/6\u201c eingesetzt.<\/p>\n<p>In der 8. Klasse werden entweder ein Jahr lang eine Erg\u00e4nzungsstunde \u201eMINT\u201c oder ein Halbjahr lang zwei Erg\u00e4nzungsstunden \u201eMINT\u201c erteilt. Hierbei erlernen die Sch\u00fcler_innen Kompetenzen aus dem Medienkompetenzrahmen NRW (z.B. im Kompetenzbereich \u201eProbleml\u00f6sen und Modellieren\u201c die Kompetenz \u201eAlgorithmen erkennen und deren Bedeutung erfassen\u201c durch weiterf\u00fchrende Programmierung mit Scratch).<\/p>\n<p>Dar\u00fcber hinaus bieten wir Informatik als Wahlpflichtkurs in der 9. und 10. Klasse dreist\u00fcndig an. Neben den mathematisch-technischen Grundlagen des Computers werden u. a. Webdesign mit HTML\/CSS und textbasierte Programmierung mit Python (mit dem Programmierkurs der Bundeswettbewerbe Informatik) erlernt.<\/p>\n<p>In der Sekundarstufe II kann Informatik (mit der f\u00fcr das Zentralabitur vorgegebenen Programmiersprache Java) bis zum Abitur als Grundkurs gew\u00e4hlt werden.<\/p>\n<p>Alle Informatik-Sch\u00fcler_innen nehmen j\u00e4hrlich am Informatik-Biber teil. Besonders interessierte Sch\u00fcler_innen k\u00f6nnen dar\u00fcber hinaus am Bundeswettbewerb Informatik teilnehmen und zus\u00e4tzlich Informatik-Vorlesungen an der Universit\u00e4t besuchen (Sch\u00fcleruni).<\/p>\n<p>Wir als Kollegen m\u00f6chten unsere Begeisterung f\u00fcr die Informatik an Ihre Kinder weitergeben.<\/p>\n<p style=\"padding-left: 40px;\"><strong>Tim Baumg\u00e4rtner <\/strong>(Informatik und Mathematik)<\/p>\n<p style=\"padding-left: 40px;\"><del><\/del><strong>Fabian Kl\u00fch <\/strong>(Informatik, Mathematik und Sport) &#8211;<em>stellv. Fachkonferenzvorsitzender<\/em><del><\/del><\/p>\n<p style=\"padding-left: 40px;\"><strong>Pascal Sellung <\/strong>(Informatik und Erdkunde) &#8211; <em>Fachkonferenzvorsitzender<\/em><\/p>\n<p style=\"padding-left: 40px;\"><strong>Magdalena Stewing <\/strong>(Informatik, Deutsch und evangelische Religion)<\/p>\n<hr \/>\n<p>Weitere Informationen:<\/p>\n<p><a href=\"..\/wp-content\/uploads\/2025\/05\/if_silp_si_2025.pdf\" target=\"_blank\" rel=\"noopener\">Schulinternes Curriculum Informatik (Sek I)<\/a><\/p>\n<p><a href=\"..\/wp-content\/uploads\/2013\/10\/MPG_Informatik_SchulinternerLehrplan-Stand-20.02.2015.pdf\" target=\"_blank\" rel=\"noopener\">Schulinternes Curriculum Informatik (Sek II)<\/a><\/p>\n<p><a href=\"http:\/\/www.bwinf.de\/\" target=\"_blank\" rel=\"noopener noreferrer\">Bundesweite Informatikwettbewerbe<\/a><\/p>\n<p><a href=\"http:\/\/www.tu-dortmund.de\/uni\/Einstieg\/schueleruni\/de\/schueleruni\/index.html\" target=\"_blank\" rel=\"noopener noreferrer\">Sch\u00fclerUni TU Dortmund<\/a><\/p>\n","protected":false},"excerpt":{"rendered":"<p>&nbsp; Informatik ist eine wesentliche Schl\u00fcsseltechnologie im 21. Jahrhundert. Damit Ihr Kind auf das Zeitalter der Digitalisierung vorbereitet wird, f\u00f6rdern wir den Umgang und das Verst\u00e4ndnis von unterschiedlichen Informatiksystemen. Wir m\u00f6chten, dass Ihr Kind die digitale Welt nicht nur konsumiert und Apps bedient, sondern versteht, wie Daten strukturiert werden, wie Programme funktionieren und welche Auswirkungen &hellip; <\/p>\n<p class=\"link-more\"><a href=\"https:\/\/mpg-do.de\/?page_id=6834\" class=\"more-link\"><span class=\"screen-reader-text\">\u201eInformatik\u201c <\/span>weiterlesen<\/a><\/p>\n","protected":false},"author":13,"featured_media":0,"parent":458,"menu_order":0,"comment_status":"closed","ping_status":"closed","template":"","meta":{"_crdt_document":"","footnotes":""},"class_list":["post-6834","page","type-page","status-publish","hentry","entry"],"_links":{"self":[{"href":"https:\/\/mpg-do.de\/index.php?rest_route=\/wp\/v2\/pages\/6834","targetHints":{"allow":["GET"]}}],"collection":[{"href":"https:\/\/mpg-do.de\/index.php?rest_route=\/wp\/v2\/pages"}],"about":[{"href":"https:\/\/mpg-do.de\/index.php?rest_route=\/wp\/v2\/types\/page"}],"author":[{"embeddable":true,"href":"https:\/\/mpg-do.de\/index.php?rest_route=\/wp\/v2\/users\/13"}],"replies":[{"embeddable":true,"href":"https:\/\/mpg-do.de\/index.php?rest_route=%2Fwp%2Fv2%2Fcomments&post=6834"}],"version-history":[{"count":15,"href":"https:\/\/mpg-do.de\/index.php?rest_route=\/wp\/v2\/pages\/6834\/revisions"}],"predecessor-version":[{"id":14723,"href":"https:\/\/mpg-do.de\/index.php?rest_route=\/wp\/v2\/pages\/6834\/revisions\/14723"}],"up":[{"embeddable":true,"href":"https:\/\/mpg-do.de\/index.php?rest_route=\/wp\/v2\/pages\/458"}],"wp:attachment":[{"href":"https:\/\/mpg-do.de\/index.php?rest_route=%2Fwp%2Fv2%2Fmedia&parent=6834"}],"curies":[{"name":"wp","href":"https:\/\/api.w.org\/{rel}","templated":true}]}}