{"id":6938,"date":"2019-09-13T10:22:48","date_gmt":"2019-09-13T08:22:48","guid":{"rendered":"https:\/\/noobserver.de\/?page_id=6938"},"modified":"2019-09-13T10:22:48","modified_gmt":"2019-09-13T08:22:48","slug":"lese-ag","status":"publish","type":"page","link":"https:\/\/mpg-do.de\/?page_id=6938","title":{"rendered":"Lese-AG"},"content":{"rendered":"<p>Die Lese-AG unter der Leitung von Frau Behrend, Frau Enders und Frau Pleis findet mittwochs in der 7. Stunde in der Sch\u00fcb\u00fc statt. Sie ist ge\u00f6ffnet f\u00fcr alle Sch\u00fclerinnen der Jahrgangsstufen 5 und 6.<\/p>\n","protected":false},"excerpt":{"rendered":"<p>Die Lese-AG unter der Leitung von Frau Behrend, Frau Enders und Frau Pleis findet mittwochs in der 7. Stunde in der Sch\u00fcb\u00fc statt. Sie ist ge\u00f6ffnet f\u00fcr alle Sch\u00fclerinnen der Jahrgangsstufen 5 und 6.<\/p>\n","protected":false},"author":11,"featured_media":0,"parent":679,"menu_order":0,"comment_status":"closed","ping_status":"closed","template":"","meta":{"_crdt_document":"","footnotes":""},"class_list":["post-6938","page","type-page","status-publish","hentry","entry"],"_links":{"self":[{"href":"https:\/\/mpg-do.de\/index.php?rest_route=\/wp\/v2\/pages\/6938","targetHints":{"allow":["GET"]}}],"collection":[{"href":"https:\/\/mpg-do.de\/index.php?rest_route=\/wp\/v2\/pages"}],"about":[{"href":"https:\/\/mpg-do.de\/index.php?rest_route=\/wp\/v2\/types\/page"}],"author":[{"embeddable":true,"href":"https:\/\/mpg-do.de\/index.php?rest_route=\/wp\/v2\/users\/11"}],"replies":[{"embeddable":true,"href":"https:\/\/mpg-do.de\/index.php?rest_route=%2Fwp%2Fv2%2Fcomments&post=6938"}],"version-history":[{"count":1,"href":"https:\/\/mpg-do.de\/index.php?rest_route=\/wp\/v2\/pages\/6938\/revisions"}],"predecessor-version":[{"id":6940,"href":"https:\/\/mpg-do.de\/index.php?rest_route=\/wp\/v2\/pages\/6938\/revisions\/6940"}],"up":[{"embeddable":true,"href":"https:\/\/mpg-do.de\/index.php?rest_route=\/wp\/v2\/pages\/679"}],"wp:attachment":[{"href":"https:\/\/mpg-do.de\/index.php?rest_route=%2Fwp%2Fv2%2Fmedia&parent=6938"}],"curies":[{"name":"wp","href":"https:\/\/api.w.org\/{rel}","templated":true}]}}

<p>Die Lese-AG unter der Leitung von Frau Behrend, Frau Enders und Frau Pleis findet mittwochs in der 7. Stunde in der Schübü statt. Sie ist geöffnet für alle Schülerinnen der Jahrgangsstufen 5 und 6.</p>
