{"id":6943,"date":"2019-09-13T10:26:31","date_gmt":"2019-09-13T08:26:31","guid":{"rendered":"https:\/\/noobserver.de\/?page_id=6943"},"modified":"2023-10-20T13:00:05","modified_gmt":"2023-10-20T11:00:05","slug":"rechtskunde-ag","status":"publish","type":"page","link":"https:\/\/mpg-do.de\/?page_id=6943","title":{"rendered":"Rechtskunde-AG"},"content":{"rendered":"<p>Die Rechtskunde-AG unter der Leitung von Herrn RA Grolle findet dienstags um 13.30 Uhr in Raum statt. Sie ist f\u00fcr alle Sch\u00fcler_innen der Jahrgangsstufen 9 und 10 ge\u00f6ffnet. Die Anmeldung f\u00fcr die Rechtskunde-AG erfolgt bei Frau Eggenstein.<\/p>\n<p><a href=\"..\/wp-content\/uploads\/2023\/08\/Elterninfo-zur-Rechtskunde-_-Anmeldung-1.pdf\" target=\"_blank\" rel=\"noopener\">Rechtskunde AG<\/a><\/p>\n","protected":false},"excerpt":{"rendered":"<p>Die Rechtskunde-AG unter der Leitung von Herrn RA Grolle findet dienstags um 13.30 Uhr in Raum statt. Sie ist f\u00fcr alle Sch\u00fcler_innen der Jahrgangsstufen 9 und 10 ge\u00f6ffnet. Die Anmeldung f\u00fcr die Rechtskunde-AG erfolgt bei Frau Eggenstein. Rechtskunde AG<\/p>\n","protected":false},"author":11,"featured_media":0,"parent":679,"menu_order":0,"comment_status":"closed","ping_status":"closed","template":"","meta":{"_crdt_document":"","footnotes":""},"class_list":["post-6943","page","type-page","status-publish","hentry","entry"],"_links":{"self":[{"href":"https:\/\/mpg-do.de\/index.php?rest_route=\/wp\/v2\/pages\/6943","targetHints":{"allow":["GET"]}}],"collection":[{"href":"https:\/\/mpg-do.de\/index.php?rest_route=\/wp\/v2\/pages"}],"about":[{"href":"https:\/\/mpg-do.de\/index.php?rest_route=\/wp\/v2\/types\/page"}],"author":[{"embeddable":true,"href":"https:\/\/mpg-do.de\/index.php?rest_route=\/wp\/v2\/users\/11"}],"replies":[{"embeddable":true,"href":"https:\/\/mpg-do.de\/index.php?rest_route=%2Fwp%2Fv2%2Fcomments&post=6943"}],"version-history":[{"count":6,"href":"https:\/\/mpg-do.de\/index.php?rest_route=\/wp\/v2\/pages\/6943\/revisions"}],"predecessor-version":[{"id":12756,"href":"https:\/\/mpg-do.de\/index.php?rest_route=\/wp\/v2\/pages\/6943\/revisions\/12756"}],"up":[{"embeddable":true,"href":"https:\/\/mpg-do.de\/index.php?rest_route=\/wp\/v2\/pages\/679"}],"wp:attachment":[{"href":"https:\/\/mpg-do.de\/index.php?rest_route=%2Fwp%2Fv2%2Fmedia&parent=6943"}],"curies":[{"name":"wp","href":"https:\/\/api.w.org\/{rel}","templated":true}]}}

<p>Die Rechtskunde-AG unter der Leitung von Herrn RA Grolle findet dienstags um 13.30 Uhr in Raum statt. Sie ist für alle Schüler_innen der Jahrgangsstufen 9 und 10 geöffnet. Die Anmeldung für die Rechtskunde-AG erfolgt bei Frau Eggenstein.</p>
<p><a href="../wp-content/uploads/2023/08/Elterninfo-zur-Rechtskunde-_-Anmeldung-1.pdf" target="_blank" rel="noopener">Rechtskunde AG</a></p>

<p>Die Rechtskunde-AG unter der Leitung von Herrn RA Grolle findet dienstags um 13.30 Uhr in Raum statt. Sie ist für alle Schüler_innen der Jahrgangsstufen 9 und 10 geöffnet. Die Anmeldung für die Rechtskunde-AG erfolgt bei Frau Eggenstein. Rechtskunde AG</p>
