{"id":792,"date":"2015-05-30T13:21:20","date_gmt":"2015-05-30T11:21:20","guid":{"rendered":"http:\/\/news.mpg-dortmund.de\/?page_id=792"},"modified":"2025-01-06T18:39:22","modified_gmt":"2025-01-06T17:39:22","slug":"ausland-austausch","status":"publish","type":"page","link":"https:\/\/mpg-do.de\/?page_id=792","title":{"rendered":"Ausland \/ Austausch"},"content":{"rendered":"\n<figure class=\"wp-block-gallery has-nested-images columns-4 is-cropped alignwide wp-block-gallery-1 is-layout-flex wp-block-gallery-is-layout-flex\">\n<figure class=\"wp-block-image size-large\"><img loading=\"lazy\" decoding=\"async\" width=\"1024\" height=\"768\" data-id=\"2870\" src=\"https:\/\/mpg-do.de\/wp-content\/uploads\/2016\/11\/2016-St.-Louis-USA-Austausch-Max-Planck-Gymnasium-Dortmund-1024x768.jpg\" alt=\"2016-st-louis-usa-austausch-max-planck-gymnasium-dortmund\" class=\"wp-image-2870\" srcset=\"https:\/\/mpg-do.de\/wp-content\/uploads\/2016\/11\/2016-St.-Louis-USA-Austausch-Max-Planck-Gymnasium-Dortmund-1024x768.jpg 1024w, https:\/\/mpg-do.de\/wp-content\/uploads\/2016\/11\/2016-St.-Louis-USA-Austausch-Max-Planck-Gymnasium-Dortmund-120x90.jpg 120w, https:\/\/mpg-do.de\/wp-content\/uploads\/2016\/11\/2016-St.-Louis-USA-Austausch-Max-Planck-Gymnasium-Dortmund-300x225.jpg 300w, https:\/\/mpg-do.de\/wp-content\/uploads\/2016\/11\/2016-St.-Louis-USA-Austausch-Max-Planck-Gymnasium-Dortmund-768x576.jpg 768w, https:\/\/mpg-do.de\/wp-content\/uploads\/2016\/11\/2016-St.-Louis-USA-Austausch-Max-Planck-Gymnasium-Dortmund-600x450.jpg 600w, https:\/\/mpg-do.de\/wp-content\/uploads\/2016\/11\/2016-St.-Louis-USA-Austausch-Max-Planck-Gymnasium-Dortmund-64x48.jpg 64w, https:\/\/mpg-do.de\/wp-content\/uploads\/2016\/11\/2016-St.-Louis-USA-Austausch-Max-Planck-Gymnasium-Dortmund-260x195.jpg 260w, https:\/\/mpg-do.de\/wp-content\/uploads\/2016\/11\/2016-St.-Louis-USA-Austausch-Max-Planck-Gymnasium-Dortmund.jpg 1200w\" sizes=\"auto, (max-width: 1024px) 100vw, 1024px\" \/><\/figure>\n\n\n\n<figure class=\"wp-block-image size-large\"><img loading=\"lazy\" decoding=\"async\" width=\"1024\" height=\"588\" data-id=\"2690\" src=\"https:\/\/mpg-do.de\/wp-content\/uploads\/2016\/11\/2016-School-Bus-Max-Planck-Gymnasium-Dortmund-1024x588.jpg\" alt=\"School Bus -USA-Austausch St. Louis\" class=\"wp-image-2690\" srcset=\"https:\/\/mpg-do.de\/wp-content\/uploads\/2016\/11\/2016-School-Bus-Max-Planck-Gymnasium-Dortmund-1024x588.jpg 1024w, https:\/\/mpg-do.de\/wp-content\/uploads\/2016\/11\/2016-School-Bus-Max-Planck-Gymnasium-Dortmund-300x172.jpg 300w, https:\/\/mpg-do.de\/wp-content\/uploads\/2016\/11\/2016-School-Bus-Max-Planck-Gymnasium-Dortmund-768x441.jpg 768w, https:\/\/mpg-do.de\/wp-content\/uploads\/2016\/11\/2016-School-Bus-Max-Planck-Gymnasium-Dortmund-600x345.jpg 600w, https:\/\/mpg-do.de\/wp-content\/uploads\/2016\/11\/2016-School-Bus-Max-Planck-Gymnasium-Dortmund-64x37.jpg 64w, https:\/\/mpg-do.de\/wp-content\/uploads\/2016\/11\/2016-School-Bus-Max-Planck-Gymnasium-Dortmund-260x149.jpg 260w, https:\/\/mpg-do.de\/wp-content\/uploads\/2016\/11\/2016-School-Bus-Max-Planck-Gymnasium-Dortmund.jpg 1200w\" sizes=\"auto, (max-width: 1024px) 100vw, 1024px\" \/><\/figure>\n\n\n\n<figure class=\"wp-block-image size-large\"><img loading=\"lazy\" decoding=\"async\" width=\"768\" height=\"1024\" data-id=\"2663\" src=\"https:\/\/mpg-do.de\/wp-content\/uploads\/2016\/11\/2016-Paris-Eiffelturm-Max-Planck-Gymnasium-Dortmund-768x1024.jpg\" alt=\"\" class=\"wp-image-2663\" srcset=\"https:\/\/mpg-do.de\/wp-content\/uploads\/2016\/11\/2016-Paris-Eiffelturm-Max-Planck-Gymnasium-Dortmund-768x1024.jpg 768w, https:\/\/mpg-do.de\/wp-content\/uploads\/2016\/11\/2016-Paris-Eiffelturm-Max-Planck-Gymnasium-Dortmund-225x300.jpg 225w, https:\/\/mpg-do.de\/wp-content\/uploads\/2016\/11\/2016-Paris-Eiffelturm-Max-Planck-Gymnasium-Dortmund-600x800.jpg 600w, https:\/\/mpg-do.de\/wp-content\/uploads\/2016\/11\/2016-Paris-Eiffelturm-Max-Planck-Gymnasium-Dortmund-48x64.jpg 48w, https:\/\/mpg-do.de\/wp-content\/uploads\/2016\/11\/2016-Paris-Eiffelturm-Max-Planck-Gymnasium-Dortmund-150x200.jpg 150w, https:\/\/mpg-do.de\/wp-content\/uploads\/2016\/11\/2016-Paris-Eiffelturm-Max-Planck-Gymnasium-Dortmund.jpg 900w\" sizes=\"auto, (max-width: 768px) 100vw, 768px\" \/><\/figure>\n\n\n\n<figure class=\"wp-block-image size-large\"><img loading=\"lazy\" decoding=\"async\" width=\"569\" height=\"313\" data-id=\"4863\" src=\"https:\/\/mpg-do.de\/wp-content\/uploads\/2018\/03\/IMG_4063-copy.jpg\" alt=\"\" class=\"wp-image-4863\" srcset=\"https:\/\/mpg-do.de\/wp-content\/uploads\/2018\/03\/IMG_4063-copy.jpg 569w, https:\/\/mpg-do.de\/wp-content\/uploads\/2018\/03\/IMG_4063-copy-300x165.jpg 300w, https:\/\/mpg-do.de\/wp-content\/uploads\/2018\/03\/IMG_4063-copy-64x35.jpg 64w, https:\/\/mpg-do.de\/wp-content\/uploads\/2018\/03\/IMG_4063-copy-260x143.jpg 260w\" sizes=\"auto, (max-width: 569px) 100vw, 569px\" \/><\/figure>\n\n\n\n<figure class=\"wp-block-image size-large\"><img loading=\"lazy\" decoding=\"async\" width=\"1024\" height=\"768\" data-id=\"2694\" src=\"https:\/\/mpg-do.de\/wp-content\/uploads\/2016\/11\/2016-Chicago-Max-Planck-Gymnasium-Dortmund-1024x768.jpg\" alt=\"Zwischenstopp in Chicago\" class=\"wp-image-2694\" srcset=\"https:\/\/mpg-do.de\/wp-content\/uploads\/2016\/11\/2016-Chicago-Max-Planck-Gymnasium-Dortmund-1024x768.jpg 1024w, https:\/\/mpg-do.de\/wp-content\/uploads\/2016\/11\/2016-Chicago-Max-Planck-Gymnasium-Dortmund-120x90.jpg 120w, https:\/\/mpg-do.de\/wp-content\/uploads\/2016\/11\/2016-Chicago-Max-Planck-Gymnasium-Dortmund-300x225.jpg 300w, https:\/\/mpg-do.de\/wp-content\/uploads\/2016\/11\/2016-Chicago-Max-Planck-Gymnasium-Dortmund-768x576.jpg 768w, https:\/\/mpg-do.de\/wp-content\/uploads\/2016\/11\/2016-Chicago-Max-Planck-Gymnasium-Dortmund-600x450.jpg 600w, https:\/\/mpg-do.de\/wp-content\/uploads\/2016\/11\/2016-Chicago-Max-Planck-Gymnasium-Dortmund-64x48.jpg 64w, https:\/\/mpg-do.de\/wp-content\/uploads\/2016\/11\/2016-Chicago-Max-Planck-Gymnasium-Dortmund-260x195.jpg 260w, https:\/\/mpg-do.de\/wp-content\/uploads\/2016\/11\/2016-Chicago-Max-Planck-Gymnasium-Dortmund.jpg 1200w\" sizes=\"auto, (max-width: 1024px) 100vw, 1024px\" \/><\/figure>\n\n\n\n<figure class=\"wp-block-image size-large\"><img loading=\"lazy\" decoding=\"async\" width=\"469\" height=\"391\" data-id=\"7850\" src=\"https:\/\/mpg-do.de\/wp-content\/uploads\/2019\/11\/Logo_Auslandsbuero.jpg\" alt=\"\" class=\"wp-image-7850\" srcset=\"https:\/\/mpg-do.de\/wp-content\/uploads\/2019\/11\/Logo_Auslandsbuero.jpg 469w, https:\/\/mpg-do.de\/wp-content\/uploads\/2019\/11\/Logo_Auslandsbuero-300x250.jpg 300w, https:\/\/mpg-do.de\/wp-content\/uploads\/2019\/11\/Logo_Auslandsbuero-64x53.jpg 64w\" sizes=\"auto, (max-width: 469px) 100vw, 469px\" \/><\/figure>\n\n\n\n<figure class=\"wp-block-image size-large\"><img loading=\"lazy\" decoding=\"async\" width=\"1024\" height=\"562\" data-id=\"2695\" src=\"https:\/\/mpg-do.de\/wp-content\/uploads\/2016\/11\/2015-London-Max-Planck-Gymnasium-Dortmund-1024x562.jpg\" alt=\"\" class=\"wp-image-2695\" srcset=\"https:\/\/mpg-do.de\/wp-content\/uploads\/2016\/11\/2015-London-Max-Planck-Gymnasium-Dortmund-1024x562.jpg 1024w, https:\/\/mpg-do.de\/wp-content\/uploads\/2016\/11\/2015-London-Max-Planck-Gymnasium-Dortmund-300x165.jpg 300w, https:\/\/mpg-do.de\/wp-content\/uploads\/2016\/11\/2015-London-Max-Planck-Gymnasium-Dortmund-768x421.jpg 768w, https:\/\/mpg-do.de\/wp-content\/uploads\/2016\/11\/2015-London-Max-Planck-Gymnasium-Dortmund-600x329.jpg 600w, https:\/\/mpg-do.de\/wp-content\/uploads\/2016\/11\/2015-London-Max-Planck-Gymnasium-Dortmund-64x35.jpg 64w, https:\/\/mpg-do.de\/wp-content\/uploads\/2016\/11\/2015-London-Max-Planck-Gymnasium-Dortmund-260x143.jpg 260w\" sizes=\"auto, (max-width: 1024px) 100vw, 1024px\" \/><\/figure>\n\n\n\n<figure class=\"wp-block-image size-large\"><img loading=\"lazy\" decoding=\"async\" width=\"1024\" height=\"590\" data-id=\"2948\" src=\"https:\/\/mpg-do.de\/wp-content\/uploads\/2016\/11\/Portugal-6-Max-Planck-Gymnasium-Dortmund-1024x590.jpg\" alt=\"Portugal Austausch Max-Planck-Gymnasium Dortmund\" class=\"wp-image-2948\" srcset=\"https:\/\/mpg-do.de\/wp-content\/uploads\/2016\/11\/Portugal-6-Max-Planck-Gymnasium-Dortmund-1024x590.jpg 1024w, https:\/\/mpg-do.de\/wp-content\/uploads\/2016\/11\/Portugal-6-Max-Planck-Gymnasium-Dortmund-300x173.jpg 300w, https:\/\/mpg-do.de\/wp-content\/uploads\/2016\/11\/Portugal-6-Max-Planck-Gymnasium-Dortmund-768x442.jpg 768w, https:\/\/mpg-do.de\/wp-content\/uploads\/2016\/11\/Portugal-6-Max-Planck-Gymnasium-Dortmund-600x346.jpg 600w, https:\/\/mpg-do.de\/wp-content\/uploads\/2016\/11\/Portugal-6-Max-Planck-Gymnasium-Dortmund-64x37.jpg 64w, https:\/\/mpg-do.de\/wp-content\/uploads\/2016\/11\/Portugal-6-Max-Planck-Gymnasium-Dortmund-260x150.jpg 260w, https:\/\/mpg-do.de\/wp-content\/uploads\/2016\/11\/Portugal-6-Max-Planck-Gymnasium-Dortmund.jpg 1200w\" sizes=\"auto, (max-width: 1024px) 100vw, 1024px\" \/><\/figure>\n<\/figure>\n\n\n\n<div class=\"wp-block-group alignwide\"><div class=\"wp-block-group__inner-container is-layout-flow wp-block-group-is-layout-flow\">\n<p class=\"has-small-font-size wp-block-paragraph\">Das Max-Planck-Gymnasium unterh\u00e4lt mit seinem sprachlichen Schwerpunkt viele Beziehungen mit Schulen im zielsprachlichen Ausland. Hierzu geh\u00f6ren Schulen in den USA, Frankreich, Portugal und Brasilien.<\/p>\n\n\n\n<p class=\"wp-block-paragraph\">Das&nbsp;<a href=\"..\/?page_id=2816\">Auslandsb\u00fcro<\/a>&nbsp;ist&nbsp;Anlaufstelle f\u00fcr MPG-Sch\u00fcler_innen, die ins Ausland gehen wollen.&nbsp;<\/p>\n\n\n\n<p class=\"wp-block-paragraph\"><strong>USA<\/strong><\/p>\n\n\n\n<p class=\"wp-block-paragraph\">F\u00fcr das englischsprachige Ausland bieten wir einen Austausch in die USA an.<br>Der Austausch findet alle zwei Jahre in den Jahrgangsstufen EF und Q1 statt.:<br>\u2013 Ladue Horton Watkins High School (St. Louis, Missouri).<br>Du besuchst derzeit die 10. Klasse oder die EF und m\u00f6chtest ein paar Tage in Chicago<br>verbringen, bevor du f\u00fcr zwei Wochen in einer US-amerikanischen Gastfamilie lebst und den Alltag einer Highschool in Missouri kennenlernst? Dann bewirb dich jetzt um einen Platz.<br>\u00dcber den nachfolgenden Link gelangst du zu weiteren Infos zum Programm sowie zum<br>Bewerbungsformular. Die Bewerbungsfrist endet am 31.01.2025!<br>Und vorweg: Die Englischnote stellt ausdr\u00fccklich KEIN Kriterium f\u00fcr die Auswahl der<br>Teilnehmenden dar.<br>Link zur Bewerbung: <a href=\"https:\/\/forms.gle\/sC8RfXNM9HcswBzm9\" target=\"_blank\" rel=\"noreferrer noopener\">https:\/\/forms.gle\/sC8RfXNM9HcswBzm9<\/a><\/p>\n\n\n\n<p class=\"wp-block-paragraph\"><strong>Frankreich <\/strong><\/p>\n\n\n\n<p class=\"wp-block-paragraph\">F\u00fcr alle Franz\u00f6sischlerner gibt es die M\u00f6glichkeit einen individuellen Austausch mit dem Coll\u00e0ge Martin Luther King in Buc, Versailles (in der N\u00e4he von Paris) durchzuf\u00fchren.&nbsp; Im bilingualen Zweig der Sekundarstufe I f\u00fchrt unsere Schule in der 9. Klasse einen ca. einw\u00f6chigen Austausch mit einer Partnerschule in Frankreich durch. Die Ziele sind: <br>\u2013 Lyc\u00e9e Monge in Charleville-M\u00e9zi\u00e8res (Champagne-Ardenne);&nbsp;<br>Im bilingualen Zweig der Oberstufe bieten wir auf freiwilliger Basis, je nach Verf\u00fcgbarkeit der Pl\u00e4tze, einen Austausch mit unserer AbiBac Partnerschule an: <br>\u2013 Charles P\u00e9guy in Orl\u00e9ans.<\/p>\n<\/div><\/div>\n\n\n\n<div class=\"wp-block-group alignwide\"><div class=\"wp-block-group__inner-container is-layout-flow wp-block-group-is-layout-flow\">\n<p class=\"wp-block-paragraph\"><strong>Portugal<\/strong><\/p>\n\n\n\n<p class=\"wp-block-paragraph\">Coronabedingt mussten die Fahrten nach Portugal leider ausgesetzt werden. Sie werden perspektivisch wieder in den Q1 Kursen aufgenommen. Die Ziele waren bisher&nbsp;<\/p>\n\n\n\n<p class=\"wp-block-paragraph\">\u2013 Escola Secund\u00e1ria Manuel Teixeira Gomes (Portim\u00e3o)<\/p>\n\n\n\n<p class=\"wp-block-paragraph\">\u2013 Escola Secund\u00e1ria Fern\u00e3o Mendes Pinto (Almada bei Lissabon)<\/p>\n\n\n\n<p class=\"wp-block-paragraph\"><strong>Brasilien<\/strong><\/p>\n\n\n\n<p class=\"wp-block-paragraph\">Der <a href=\"https:\/\/mpg-do.de\/?tag=brasilien\">Brasilienaustausch<\/a> startet vor Corona j\u00e4hrlich jeweils kurz vor den Sommerferien und dauert 5 Wochen. Bei unserer Partnerschule handelt es sich um die deutsche Schule von S\u00e3o Paulo: Col\u00e9gio Visconde de Porto Seguro<\/p>\n<\/div><\/div>\n","protected":false},"excerpt":{"rendered":"<p>Das Max-Planck-Gymnasium unterh\u00e4lt mit seinem sprachlichen Schwerpunkt viele Beziehungen mit Schulen im zielsprachlichen Ausland. Hierzu geh\u00f6ren Schulen in den USA, Frankreich, Portugal und Brasilien. Das&nbsp;Auslandsb\u00fcro&nbsp;ist&nbsp;Anlaufstelle f\u00fcr MPG-Sch\u00fcler_innen, die ins Ausland gehen wollen.&nbsp; USA F\u00fcr das englischsprachige Ausland bieten wir einen Austausch in die USA an.Der Austausch findet alle zwei Jahre in den Jahrgangsstufen EF und &hellip; <\/p>\n<p class=\"link-more\"><a href=\"https:\/\/mpg-do.de\/?page_id=792\" class=\"more-link\"><span class=\"screen-reader-text\">\u201eAusland \/ Austausch\u201c <\/span>weiterlesen<\/a><\/p>\n","protected":false},"author":1,"featured_media":0,"parent":0,"menu_order":0,"comment_status":"closed","ping_status":"closed","template":"","meta":{"_crdt_document":"","footnotes":""},"class_list":["post-792","page","type-page","status-publish","hentry","entry"],"_links":{"self":[{"href":"https:\/\/mpg-do.de\/index.php?rest_route=\/wp\/v2\/pages\/792","targetHints":{"allow":["GET"]}}],"collection":[{"href":"https:\/\/mpg-do.de\/index.php?rest_route=\/wp\/v2\/pages"}],"about":[{"href":"https:\/\/mpg-do.de\/index.php?rest_route=\/wp\/v2\/types\/page"}],"author":[{"embeddable":true,"href":"https:\/\/mpg-do.de\/index.php?rest_route=\/wp\/v2\/users\/1"}],"replies":[{"embeddable":true,"href":"https:\/\/mpg-do.de\/index.php?rest_route=%2Fwp%2Fv2%2Fcomments&post=792"}],"version-history":[{"count":41,"href":"https:\/\/mpg-do.de\/index.php?rest_route=\/wp\/v2\/pages\/792\/revisions"}],"predecessor-version":[{"id":13856,"href":"https:\/\/mpg-do.de\/index.php?rest_route=\/wp\/v2\/pages\/792\/revisions\/13856"}],"wp:attachment":[{"href":"https:\/\/mpg-do.de\/index.php?rest_route=%2Fwp%2Fv2%2Fmedia&parent=792"}],"curies":[{"name":"wp","href":"https:\/\/api.w.org\/{rel}","templated":true}]}}